000
CDUS46 KMTR 250826
CLISJC


CLIMATE REPORT
NATIONAL WEATHER SERVICE SAN FRANCISCO BAY AREA
126 AM PDT SAT APR 25 2015


...................................

...THE SAN JOSE AIRPORT CLIMATE SUMMARY FOR APRIL 24 2015...

CLIMATE NORMAL PERIOD 1981 TO 2010
CLIMATE RECORD PERIOD 1893 TO 2015


WEATHER ITEM   OBSERVED TIME   RECORD YEAR NORMAL DEPARTURE LAST
                VALUE   (LST)  VALUE       VALUE  FROM      YEAR
                                                  NORMAL
..................................................................
TEMPERATURE (F)
 YESTERDAY
  MAXIMUM         67    134 PM  92    1966  72     -5       68
  MINIMUM         50    557 AM  34    1894  50      0       50
  AVERAGE         59                        61     -2       59

PRECIPITATION (IN)
  YESTERDAY        T             0.38 1974   0.03  -0.03      T
  MONTH TO DATE    0.55                      0.91  -0.36     0.39
  SINCE OCT 1     12.43                     14.04  -1.61     5.41
  SINCE JAN 1      2.48                      9.26  -6.78     4.51

SNOWFALL (IN)
  YESTERDAY        0.0                      MM     MM        0.0
  MONTH TO DATE    0.0                      MM     MM        0.0
  SINCE MAR 1      0.0                      MM     MM        0.0
  SINCE JUL 1      0.0                      MM     MM        0.0

DEGREE DAYS
 HEATING
  YESTERDAY        6                         5      1        6
  MONTH TO DATE  137                       157    -20      107
  SINCE MAR 1    273                       412   -139      277
  SINCE JUL 1   1493                      1875   -382     1818

 COOLING
  YESTERDAY        0                         1     -1        0
  MONTH TO DATE    0                         9     -9       11
  SINCE MAR 1     14                        13      1       15
  SINCE JAN 1     14                        13      1       15
..................................................................


WIND (MPH)
  RESULTANT WIND SPEED   6   RESULTANT WIND DIRECTION  NW (300)
  HIGHEST WIND SPEED    23   HIGHEST WIND DIRECTION    NW (310)
  HIGHEST GUST SPEED    36   HIGHEST GUST DIRECTION    NW (310)
  AVERAGE WIND SPEED     9.5


SKY COVER
  POSSIBLE SUNSHINE  MM
  AVERAGE SKY COVER 0.6


WEATHER CONDITIONS
 THE FOLLOWING WEATHER WAS RECORDED YESTERDAY.
  LIGHT RAIN


RELATIVE HUMIDITY (PERCENT)
 HIGHEST    77          1200 AM
 LOWEST     37           300 PM
 AVERAGE    57

..........................................................


THE SAN JOSE AIRPORT CLIMATE NORMALS FOR TODAY
                         NORMAL    RECORD    YEAR
 MAXIMUM TEMPERATURE (F)   72        90      2004
 MINIMUM TEMPERATURE (F)   50        32      1893


SUNRISE AND SUNSET
APRIL 25 2015.........SUNRISE   620 AM PDT   SUNSET   752 PM PDT
APRIL 26 2015.........SUNRISE   619 AM PDT   SUNSET   753 PM PDT


-  INDICATES NEGATIVE NUMBERS.
R  INDICATES RECORD WAS SET OR TIED.
MM INDICATES DATA IS MISSING.
T  INDICATES TRACE AMOUNT.




$$
