000
CDCA42 TJSJ 030431
CLISJU


CLIMATE REPORT
NATIONAL WEATHER SERVICE SAN JUAN, PR
1230 AM AST SUN MAY 3 2015


...................................

...THE SAN JUAN AREA/PR CLIMATE SUMMARY FOR MAY 2 2015...

CLIMATE NORMAL PERIOD 1981 TO 2010
CLIMATE RECORD PERIOD 1898 TO 2015


WEATHER ITEM   OBSERVED TIME   RECORD YEAR NORMAL DEPARTURE LAST
                VALUE   (LST)  VALUE       VALUE  FROM      YEAR
                                                  NORMAL
..................................................................
TEMPERATURE (F)
 YESTERDAY
  MAXIMUM         93    241 PM  95    1980  87      6       93
  MINIMUM         76    537 AM  68    1963  75      1       78
  AVERAGE         85                        81      4       86

PRECIPITATION (IN)
  YESTERDAY        0.00          4.54 1902   0.19  -0.19     0.01
  MONTH TO DATE    0.00                      0.39  -0.39     0.03
  SINCE MAR 1      2.88                      7.02  -4.14     3.69
  SINCE JAN 1     11.11                     13.17  -2.06     9.73

SNOWFALL (IN)
  YESTERDAY        0.0                       0.0    0.0      0.0
  MONTH TO DATE    0.0                       0.0    0.0      0.0
  SINCE MAR 1      0.0                       0.0    0.0      0.0
  SINCE JUL 1      0.0                       0.0    0.0      0.0

DEGREE DAYS
 HEATING
  YESTERDAY        0                         0      0        0
  MONTH TO DATE    0                         0      0        0
  SINCE MAR 1      0                         0      0        0
  SINCE JUL 1      0                         0      0        0

 COOLING
  YESTERDAY       20                        16      4       21
  MONTH TO DATE   40                        32      8       40
  SINCE MAR 1    973                       922     51     1047
  SINCE JAN 1   1813                      1673    140     1935
..................................................................


WIND (MPH)
  HIGHEST WIND SPEED    16   HIGHEST WIND DIRECTION    SE (150)
  HIGHEST GUST SPEED    23   HIGHEST GUST DIRECTION    SE (130)
  AVERAGE WIND SPEED     5.1


SKY COVER
  AVERAGE SKY COVER 0.3


WEATHER CONDITIONS
 THE FOLLOWING WEATHER WAS RECORDED YESTERDAY.
  NO SIGNIFICANT WEATHER WAS OBSERVED.


RELATIVE HUMIDITY (PERCENT)
 HIGHEST    82
 LOWEST     44
 AVERAGE    63

..........................................................


THE SAN JUAN AREA/PR CLIMATE NORMALS FOR TODAY
                         NORMAL    RECORD    YEAR
 MAXIMUM TEMPERATURE (F)   87        95      1982
 MINIMUM TEMPERATURE (F)   76        66      1903


SUNRISE AND SUNSET
MAY  3 2015...........SUNRISE   556 AM AST   SUNSET   646 PM AST
MAY  4 2015...........SUNRISE   555 AM AST   SUNSET   646 PM AST


-  INDICATES NEGATIVE NUMBERS.
R  INDICATES RECORD WAS SET OR TIED.
MM INDICATES DATA IS MISSING.
T  INDICATES TRACE AMOUNT.




$$
