000
CDAK48 PASN 202323
CLISNP

CLIMATE REPORT
NATIONAL WEATHER SERVICE ST PAUL, AK
323 PM AKDT MON APR 20 2015

...................................
...THE ST PAUL AIRPORT CLIMATE SUMMARY FOR APRIL 20 2015...
VALID TODAY AS OF 2:00 PM LOCAL TIME

CLIMATE NORMAL PERIOD  1981 TO  2010
CLIMATE RECORD PERIOD  1892 TO  2015

WEATHER ITEM   OBSERVED TIME    RECORD YEAR NORMAL DEPARTURE LAST
               VALUE    (LST)   VALUE       VALUE  FROM      YEAR
                                                   NORMAL
...................................................................
TEMPERATURE
TODAY
 MAXIMUM            33  0143 PM    47  1981     34      -1     39
 MINIMUM            27  0310 AM    13  1960     26       1     30
 AVERAGE            30                          30       0     35

PRECIPITATION
(INCHES)
 TODAY            0.12           0.34  1961   0.04    0.08      T
 MONTH TO DATE    0.99                        0.72    0.27   0.68
 SINCE MAR 1      1.67                        1.79   -0.12   1.88
 SINCE JAN 1      3.99                        4.67   -0.68   6.21

SNOWFALL
(INCHES)
 TODAY             1.6            1.9  2006    0.1     1.5      T
 MONTH TO DATE     8.2                         4.3     3.9    1.0
 SINCE MAR 1      17.6                        12.3     5.3    9.4
 SINCE JUL 1      47.3                        57.3   -10.0   43.7
 SNOW DEPTH (IN)     4                                          T

DEGREE DAYS
 HEATING
  TODAY             35                          35       0     30
  MONTH TO DATE    743                         739       4    646
  SINCE MAR 1     1918                        1976     -58   1892
  SINCE JUL 1     7875                        8895   -1020   8338

 COOLING
  TODAY              0                           0       0      0
  MONTH TO DATE      0                           0       0      0
  SINCE MAR 1        0                           0       0      0
  SINCE JAN 1        0                           0       0      0
...................................................................

WIND (MPH)
 HIGHEST WIND SPEED    31     HIGHEST WIND DIRECTION    270
 HIGHEST GUST SPEED    37     HIGHEST GUST DIRECTION    280
 AVERAGE WIND SPEED    MM

SKY COVER
  POSSIBLE SUNSHINE  MM            AVERAGE SKY COVER MM

WEATHER CONDITIONS
 THE FOLLOWING WEATHER WAS RECORDED TODAY.
FOG
RAIN
SNOW


RELATIVE HUMIDITY
 HIGHEST RH     MM PERCENT       MM
 LOWEST  RH     MM PERCENT       MM
 AVERAGE RH     MM PERCENT       MM
...................................................................

THE ST PAUL CLIMATE NORMALS FOR TOMORROW
                        NORMAL    RECORD   YEAR
 MAXIMUM TEMPERATURE      35        44     1996
 MINIMUM TEMPERATURE      27         2     1972

SUNRISE AND SUNSET
 APR 20 2015..........SUNRISE  8:00 AM      SUNSET 10:42 PM
 APR 21 2015..........SUNRISE  7:57 AM      SUNSET 10:44 PM

-  INDICATES NEGATIVE NUMBERS.
R  INDICATES RECORD HAS BEEN SET OR TIED.
MM INDICATES DATA IS MISSING.
T  INDICATES TRACE OF PRECIPITATION.

&&
-------------------------------------------------------------------

AMOUNT OF DAYLIGHT TODAY  (HOUR:MIN)........14 HOURS 42 MINUTES
GAIN/LOSS SINCE YESTERDAY (HOUR:MIN:SEC)....+0:04:43

$$
*** APR 15
