000
CDUS46 KMTR 070027
CLISNS


CLIMATE REPORT
NATIONAL WEATHER SERVICE SAN FRANCISCO BAY AREA
527 PM PDT WED MAY 6 2015


...................................

...THE SALINAS AIRPORT CLIMATE SUMMARY FOR MAY 6 2015...
VALID TODAY AS OF 0500 PM LOCAL TIME.

CLIMATE NORMAL PERIOD 1981 TO 2010
CLIMATE RECORD PERIOD 1930 TO 2015


WEATHER ITEM   OBSERVED TIME   RECORD YEAR NORMAL DEPARTURE LAST
                VALUE   (LST)  VALUE       VALUE  FROM      YEAR
                                                  NORMAL
..................................................................
TEMPERATURE (F)
 TODAY
  MAXIMUM         62    230 PM  90    1949  68     -6       63
  MINIMUM         54    258 AM  34    1933  49      5       52
  AVERAGE         58                        59     -1       58

PRECIPITATION (IN)
  TODAY            0.00          0.07 1961   0.02  -0.02     0.00
  MONTH TO DATE    0.00                      0.10  -0.10     0.00
  SINCE OCT 1      9.46                     12.29  -2.83     5.78
  SINCE JAN 1      1.47                      8.38  -6.91     4.95

DEGREE DAYS
 HEATING
  TODAY            7                         7      0        7
  MONTH TO DATE   30                        42    -12       26
  SINCE MAR 1    320                       617   -297      408
  SINCE JUL 1   1169                      2431  -1262     1840

 COOLING
  TODAY            0                         0      0        0
  MONTH TO DATE    0                         0      0        7
  SINCE MAR 1     23                         7     16       21
  SINCE JAN 1     31                         7     24       23
..................................................................


WIND (MPH)
  RESULTANT WIND SPEED  12   RESULTANT WIND DIRECTION   W (250)
  HIGHEST WIND SPEED    18   HIGHEST WIND DIRECTION     W (270)
  HIGHEST GUST SPEED    24   HIGHEST GUST DIRECTION     W (270)
  AVERAGE WIND SPEED    12.3


SKY COVER
  POSSIBLE SUNSHINE  MM
  AVERAGE SKY COVER 0.9


WEATHER CONDITIONS
 THE FOLLOWING WEATHER WAS RECORDED TODAY.
  NO SIGNIFICANT WEATHER WAS OBSERVED.


RELATIVE HUMIDITY (PERCENT)
 HIGHEST    66          1200 AM
 LOWEST     52           200 PM
 AVERAGE    59

..........................................................


THE SALINAS AIRPORT CLIMATE NORMALS FOR TOMORROW
                         NORMAL    RECORD    YEAR
 MAXIMUM TEMPERATURE (F)   68        92      2001
 MINIMUM TEMPERATURE (F)   49        35      1961


SUNRISE AND SUNSET
MAY  6 2015...........SUNRISE   507 AM PST   SUNSET   659 PM PST
MAY  7 2015...........SUNRISE   506 AM PST   SUNSET   700 PM PST


-  INDICATES NEGATIVE NUMBERS.
R  INDICATES RECORD WAS SET OR TIED.
MM INDICATES DATA IS MISSING.
T  INDICATES TRACE AMOUNT.




$$
