000
CDUS45 KCYS 280728
CLISNY


CLIMATE REPORT
NATIONAL WEATHER SERVICE CHEYENNE WY
128 AM MDT TUE APR 28 2015


...................................

...THE SIDNEY NE AIRPORT CLIMATE SUMMARY FOR APRIL 27 2015...

CLIMATE NORMAL PERIOD 1981 TO 2010
CLIMATE RECORD PERIOD 1948 TO 2015


WEATHER ITEM   OBSERVED TIME   RECORD YEAR NORMAL DEPARTURE LAST
                VALUE   (LST)  VALUE       VALUE  FROM      YEAR
                                                  NORMAL
..................................................................
TEMPERATURE (F)
 YESTERDAY
  MAXIMUM         59    345 PM  85    1981  66     -7       55
                                      1953
  MINIMUM         42    537 AM  17    1994  37      5       37
                                      1969
  AVERAGE         51                        52     -1       46

PRECIPITATION (IN)
  YESTERDAY        0.00          0.77 2012   0.08  -0.08     0.05
  MONTH TO DATE    5.51                      1.77   3.74     0.45
  SINCE JAN 1      6.53                      3.39   3.14     1.96

DEGREE DAYS
 HEATING
  YESTERDAY       14                        14      0       19
  MONTH TO DATE  490                       490      0      441
  SINCE MAR 1   1143                      1293   -150     1254
  SINCE JUL 1   5875                      5875      0     6243

 COOLING
  YESTERDAY        0                         0      0        0
  MONTH TO DATE    0                         0      0        0
  SINCE MAR 1      0                         0      0        0
  SINCE JAN 1      0                         0      0        0
..................................................................


WIND (MPH)
  HIGHEST WIND SPEED    15   HIGHEST WIND DIRECTION     N (10)
  HIGHEST GUST SPEED    19   HIGHEST GUST DIRECTION     N (10)
  AVERAGE WIND SPEED     7.4


SKY COVER
  AVERAGE SKY COVER 0.9


WEATHER CONDITIONS
 THE FOLLOWING WEATHER WAS RECORDED YESTERDAY.
  FOG


RELATIVE HUMIDITY (PERCENT)
 HIGHEST    96           200 AM
 LOWEST     47           300 PM
 AVERAGE    72

..........................................................


THE SIDNEY NE AIRPORT CLIMATE NORMALS FOR TODAY
                         NORMAL    RECORD    YEAR
 MAXIMUM TEMPERATURE (F)   66        82      2010
                                             1954
 MINIMUM TEMPERATURE (F)   37        15      1969


SUNRISE AND SUNSET
APRIL 28 2015.........SUNRISE   554 AM MDT   SUNSET   745 PM MDT
APRIL 29 2015.........SUNRISE   553 AM MDT   SUNSET   747 PM MDT


-  INDICATES NEGATIVE NUMBERS.
R  INDICATES RECORD WAS SET OR TIED.
MM INDICATES DATA IS MISSING.
T  INDICATES TRACE AMOUNT.




$$
