000
CDUS45 KPUB 051048
CLISPD


CLIMATE REPORT
NATIONAL WEATHER SERVICE PUEBLO
448 AM MDT TUE MAY 5 2015


...................................

...THE SPRINGFIELD CO CLIMATE SUMMARY FOR MAY 4 2015...

CLIMATE NORMAL PERIOD 1981 TO 2010
CLIMATE RECORD PERIOD 9999 TO 9999


WEATHER ITEM   OBSERVED TIME   NORMAL DEPARTURE LAST
                VALUE   (LST)  VALUE  FROM      YEAR
                                      NORMAL
......................................................
TEMPERATURE (F)
 YESTERDAY
  MAXIMUM         74    111 PM  72      2       91
  MINIMUM         47    409 AM  43      4       50
  AVERAGE         61                            71

PRECIPITATION (IN)
  YESTERDAY        0.07          0.06   0.01     0.00
  MONTH TO DATE    0.07          0.23  -0.16     0.00
  SINCE MAR 1      1.30          2.63  -1.33     1.37
  SINCE JAN 1      3.14          3.44  -0.30     1.70

DEGREE DAYS
 HEATING
  YESTERDAY        4             8     -4        0
  MONTH TO DATE    6            34    -28       37
  SINCE MAR 1    996          1127   -131     1173
  SINCE JUL 1   4900          5133   -233     5170

 COOLING
  YESTERDAY        0             1     -1        6
  MONTH TO DATE    0             2     -2        6
  SINCE MAR 1      0             6     -6       12
  SINCE JAN 1      0             6     -6       12
......................................................


WIND (MPH)
  HIGHEST WIND SPEED    26   HIGHEST WIND DIRECTION     S (190)
  HIGHEST GUST SPEED    35   HIGHEST GUST DIRECTION     S (200)
  AVERAGE WIND SPEED    10.2


SKY COVER
  POSSIBLE SUNSHINE  MM



RELATIVE HUMIDITY (PERCENT)
 HIGHEST   100           800 PM
 LOWEST     47          1100 AM
 AVERAGE    74

..........................................................


THE SPRINGFIELD CO CLIMATE NORMALS FOR TODAY
                         NORMAL    RECORD    YEAR
 MAXIMUM TEMPERATURE (F)   72        MM        MM
 MINIMUM TEMPERATURE (F)   43        MM        MM


SUNRISE AND SUNSET
MAY  5 2015...........SUNRISE   551 AM MDT   SUNSET   743 PM MDT
MAY  6 2015...........SUNRISE   550 AM MDT   SUNSET   744 PM MDT


-  INDICATES NEGATIVE NUMBERS.
R  INDICATES RECORD WAS SET OR TIED.
MM INDICATES DATA IS MISSING.
T  INDICATES TRACE AMOUNT.




$$
