000
CDUS44 KOUN 270636
CLISPS

CLIMATE REPORT
NATIONAL WEATHER SERVICE NORMAN OK
133 AM CDT MON APR 27 2015


...................................

...THE WICHITA FALLS CLIMATE SUMMARY FOR APRIL 26 2015...

CLIMATE NORMAL PERIOD 1981 TO 2010
CLIMATE RECORD PERIOD 1897 TO 2015


WEATHER ITEM   OBSERVED TIME   RECORD YEAR NORMAL DEPARTURE LAST
                VALUE   (LST)  VALUE       VALUE  FROM      YEAR
                                                  NORMAL
..................................................................
TEMPERATURE (F)
 YESTERDAY
  MAXIMUM         81   1230 PM  98    1939  79      2       90
  MINIMUM         53    532 AM  40    1947  53      0       60
  AVERAGE         67                        66      1       75

PRECIPITATION (IN)
  YESTERDAY        0.20          2.03 1925   0.12   0.08     0.00
  MONTH TO DATE    2.18                      2.15   0.03     1.48
  SINCE JAN 1      6.56                      7.24  -0.68     4.01

SNOWFALL (IN)
  YESTERDAY        0.0                       0.0    0.0      0.0
  MONTH TO DATE    0.0                       0.0    0.0       T
  SINCE JUL 1      6.5                       3.9    2.6      5.0
  SNOW DEPTH       0

DEGREE DAYS
 HEATING
  YESTERDAY        0                         3     -3        0
  MONTH TO DATE   75                       134    -59      111
  SINCE JUL 1   2857                      2937    -80     3329

 COOLING
  YESTERDAY        2                         3     -1       10
  MONTH TO DATE   63                        55      8       77
  SINCE JAN 1     80                        77      3       93
..................................................................


WIND (MPH)
  HIGHEST WIND SPEED    24   HIGHEST WIND DIRECTION    SE (130)
  HIGHEST GUST SPEED    33   HIGHEST GUST DIRECTION     E (110)
  AVERAGE WIND SPEED     9.0


SKY COVER
  AVERAGE SKY COVER 0.4


WEATHER CONDITIONS
 THE FOLLOWING WEATHER WAS RECORDED YESTERDAY.
  THUNDERSTORM
  LIGHT RAIN


RELATIVE HUMIDITY (PERCENT)
 HIGHEST    93          1100 PM
 LOWEST     36           400 PM
 AVERAGE    65

..........................................................


THE WICHITA FALLS CLIMATE NORMALS FOR TODAY
                         NORMAL    RECORD    YEAR
 MAXIMUM TEMPERATURE (F)   79        95      2012
                                             1959
 MINIMUM TEMPERATURE (F)   53        39      1973


SUNRISE AND SUNSET
APRIL 27 2015.........SUNRISE   649 AM CDT   SUNSET   814 PM CDT
APRIL 28 2015.........SUNRISE   648 AM CDT   SUNSET   815 PM CDT


-  INDICATES NEGATIVE NUMBERS.
R  INDICATES RECORD WAS SET OR TIED.
MM INDICATES DATA IS MISSING.
T  INDICATES TRACE AMOUNT.

$$
