000
CDUS43 KEAX 180034
CLISTJ


CLIMATE REPORT
NATIONAL WEATHER SERVICE KANSAS CITY/PLEASANT HILL MO
734 PM CDT FRI APR 17 2015


...................................

...THE ST. JOSEPH MO CLIMATE SUMMARY FOR APRIL 17 2015...
VALID TODAY AS OF 0700 PM LOCAL TIME.

CLIMATE NORMAL PERIOD 1981 TO 2010
CLIMATE RECORD PERIOD 1892 TO 2015


WEATHER ITEM   OBSERVED TIME   RECORD YEAR NORMAL DEPARTURE LAST
                VALUE   (LST)  VALUE       VALUE  FROM      YEAR
                                                  NORMAL
..................................................................
TEMPERATURE (F)
 TODAY
  MAXIMUM         77    105 PM  90    1975  66     11       56
  MINIMUM         49    620 AM  24    1921  43      6       34
  AVERAGE         63                        55      8       45

PRECIPITATION (IN)
  TODAY            0.00          2.38 1941   0.12  -0.12     0.00
  MONTH TO DATE    1.29                      1.78  -0.49     2.04
  SINCE MAR 1      2.62                      4.03  -1.41     2.45
  SINCE JAN 1      4.37                      5.52  -1.15     3.27

DEGREE DAYS
 HEATING
  TODAY            2                        11     -9       20
  MONTH TO DATE  141                       227    -86      287
  SINCE MAR 1    748                       912   -164     1113
  SINCE JUL 1   5272                      5220     52     6053

 COOLING
  TODAY            0                         1     -1        0
  MONTH TO DATE    4                        10     -6        3
  SINCE MAR 1      5                        12     -7        3
  SINCE JAN 1      5                        12     -7        3
..................................................................


WIND (MPH)
  HIGHEST WIND SPEED    14   HIGHEST WIND DIRECTION    SE (130)
  HIGHEST GUST SPEED    19   HIGHEST GUST DIRECTION    SE (140)
  AVERAGE WIND SPEED     5.8


SKY COVER
  AVERAGE SKY COVER 0.3


WEATHER CONDITIONS
 THE FOLLOWING WEATHER WAS RECORDED TODAY.
  FOG


RELATIVE HUMIDITY (PERCENT)
 HIGHEST    96           200 AM
 LOWEST     46           200 PM
 AVERAGE    71

..........................................................


THE ST. JOSEPH MO CLIMATE NORMALS FOR TOMORROW
                         NORMAL    RECORD    YEAR
 MAXIMUM TEMPERATURE (F)   67        90      1972
 MINIMUM TEMPERATURE (F)   43        28      2014


SUNRISE AND SUNSET
APRIL 17 2015.........SUNRISE   640 AM CDT   SUNSET   800 PM CDT
APRIL 18 2015.........SUNRISE   638 AM CDT   SUNSET   801 PM CDT


-  INDICATES NEGATIVE NUMBERS.
R  INDICATES RECORD WAS SET OR TIED.
MM INDICATES DATA IS MISSING.
T  INDICATES TRACE AMOUNT.




$$
