000
CDUS42 KTAE 260632
CLITLH


CLIMATE REPORT
NATIONAL WEATHER SERVICE TALLAHASSEE FL
231 AM EDT SUN APR 26 2015


...................................

...THE TALLAHASSEE CLIMATE SUMMARY FOR APRIL 25 2015...

CLIMATE NORMAL PERIOD 1981 TO 2010
CLIMATE RECORD PERIOD 1896 TO 2015


WEATHER ITEM   OBSERVED TIME   RECORD YEAR NORMAL DEPARTURE LAST
                VALUE   (LST)  VALUE       VALUE  FROM      YEAR
                                                  NORMAL
..................................................................
TEMPERATURE (F)
 YESTERDAY
  MAXIMUM         86    446 PM  90    1935  82      4       86
  MINIMUM         66    522 AM  37    2005  55     11       65
                                      1968
  AVERAGE         76                        68      8       76

PRECIPITATION (IN)
  YESTERDAY        0.17          3.78 1950   0.08   0.09     0.00
  MONTH TO DATE    4.14                      2.65   1.49     8.42
  SINCE MAR 1      7.29                      8.59  -1.30    18.65
  SINCE JAN 1     16.48                     17.78  -1.30    26.70

SNOWFALL (IN)
  YESTERDAY        0.0                       0.0    0.0

DEGREE DAYS
 HEATING
  YESTERDAY        0                               -1
  MONTH TO DATE    0                              -62
  SINCE MAR 1     75                             -168
  SINCE JUL 1   1441                             -145

 COOLING
  YESTERDAY       11                                7
  MONTH TO DATE  239                              166
  SINCE MAR 1    359                              246
  SINCE JAN 1    366                              239
..................................................................


WIND (MPH)
  HIGHEST WIND SPEED    22   HIGHEST WIND DIRECTION    SW (240)
  HIGHEST GUST SPEED    26   HIGHEST GUST DIRECTION    SW (230)
  AVERAGE WIND SPEED     7.1




RELATIVE HUMIDITY (PERCENT)
 HIGHEST    93
 LOWEST     61
 AVERAGE    77

..........................................................


THE TALLAHASSEE CLIMATE NORMALS FOR TODAY
                         NORMAL    RECORD    YEAR
 MAXIMUM TEMPERATURE (F)   82        92      1989
                                             1942
 MINIMUM TEMPERATURE (F)   55        38      1910


SUNRISE AND SUNSET
APRIL 26 2015.........SUNRISE   659 AM EDT   SUNSET   812 PM EDT
APRIL 27 2015.........SUNRISE   658 AM EDT   SUNSET   813 PM EDT


-  INDICATES NEGATIVE NUMBERS.
R  INDICATES RECORD WAS SET OR TIED.
MM INDICATES DATA IS MISSING.
T  INDICATES TRACE AMOUNT.




$$
