000
CDUS45 KCYS 210327
CLITOR


CLIMATE REPORT
NATIONAL WEATHER SERVICE CHEYENNE WY
927 PM MDT MON APR 20 2015


...................................

...THE TORRINGTON WY AIRPORT CLIMATE SUMMARY FOR APRIL 20 2015...
VALID TODAY AS OF 0900 PM LOCAL TIME.

CLIMATE NORMAL PERIOD 1981 TO 2010
CLIMATE RECORD PERIOD 1998 TO 2015


WEATHER ITEM   OBSERVED TIME   RECORD YEAR NORMAL DEPARTURE LAST
                VALUE   (LST)  VALUE       VALUE  FROM      YEAR
                                                  NORMAL
..................................................................
TEMPERATURE (F)
 TODAY
  MAXIMUM         56    308 PM  78    2005  63     -7       76
  MINIMUM         29    550 AM  25    2011  34     -5       38
  AVERAGE         43                        48     -5       57

PRECIPITATION (IN)
  TODAY            0.00          0.42 2005   0.07  -0.07     0.00
  MONTH TO DATE    2.21                      0.99   1.22     0.53
  SINCE JAN 1      3.12                      2.34   0.78     2.13

DEGREE DAYS
 HEATING
  TODAY           22                        17      5        8
  MONTH TO DATE  362                       397    -35      390
  SINCE MAR 1   1008                      1237   -229     1241
  SINCE JUL 1   5722                      6081   -359     6356

 COOLING
  TODAY            0                         0      0        0
  MONTH TO DATE    0                         0      0        0
  SINCE MAR 1      0                         0      0        0
  SINCE JAN 1      0                         0      0        0
..................................................................


WIND (MPH)
  HIGHEST WIND SPEED    25   HIGHEST WIND DIRECTION    NW (310)
  HIGHEST GUST SPEED    35   HIGHEST GUST DIRECTION    NW (320)
  AVERAGE WIND SPEED    11.7


SKY COVER
  AVERAGE SKY COVER 0.5


WEATHER CONDITIONS
 THE FOLLOWING WEATHER WAS RECORDED TODAY.
  NO SIGNIFICANT WEATHER WAS OBSERVED.


RELATIVE HUMIDITY (PERCENT)
 HIGHEST    78           400 AM
 LOWEST     24           200 PM
 AVERAGE    51

..........................................................


THE TORRINGTON WY AIRPORT CLIMATE NORMALS FOR TOMORROW
                         NORMAL    RECORD    YEAR
 MAXIMUM TEMPERATURE (F)   63        75      2009
                                             2006
 MINIMUM TEMPERATURE (F)   34        25      2008


SUNRISE AND SUNSET
APRIL 20 2015.........SUNRISE   609 AM MDT   SUNSET   743 PM MDT
APRIL 21 2015.........SUNRISE   607 AM MDT   SUNSET   744 PM MDT


-  INDICATES NEGATIVE NUMBERS.
R  INDICATES RECORD WAS SET OR TIED.
MM INDICATES DATA IS MISSING.
T  INDICATES TRACE AMOUNT.




$$
