000
CDUS44 KMEG 280641
CLITUP


CLIMATE REPORT
NATIONAL WEATHER SERVICE MEMPHIS TN
141 AM CDT TUE APR 28 2015


...................................

...THE TUPELO CLIMATE SUMMARY FOR APRIL 27 2015...

CLIMATE NORMAL PERIOD 1981 TO 2010
CLIMATE RECORD PERIOD 1930 TO 2015


WEATHER ITEM   OBSERVED TIME   RECORD YEAR NORMAL DEPARTURE LAST
                VALUE   (LST)  VALUE       VALUE  FROM      YEAR
                                                  NORMAL
..................................................................
TEMPERATURE (F)
 YESTERDAY
  MAXIMUM         69    252 PM  91    1987  77     -8       71
  MINIMUM         50    403 AM  36    1979  54     -4       62
                                      1977
                                      1976
  AVERAGE         60                        65     -5       67

PRECIPITATION (IN)
  YESTERDAY        0.00          2.85 2011   0.17  -0.17     0.64
  MONTH TO DATE    7.72                      4.25   3.47     5.56
  SINCE MAR 1     14.14                      9.07   5.07     8.64
  SINCE JAN 1     23.30                     18.51   4.79    14.73

SNOWFALL (IN)
  YESTERDAY        0.0          MM      MM   0.0    0.0      0.0
  MONTH TO DATE    0.0                       0.0    0.0      0.0
  SINCE MAR 1      0.1                       0.3   -0.2       T
  SINCE JUL 1      7.4                       2.1    5.3      0.5
  SNOW DEPTH       0

DEGREE DAYS
 HEATING
  YESTERDAY        5                         3      2        0
  MONTH TO DATE   68                       140    -72      138
  SINCE MAR 1    401                       495    -94      598
  SINCE JUL 1   3119                      2926    193     3428

 COOLING
  YESTERDAY        0                         3     -3        2
  MONTH TO DATE   73                        50     23       30
  SINCE MAR 1     76                        64     12       30
  SINCE JAN 1     76                        66     10       30
..................................................................


WIND (MPH)
  HIGHEST WIND SPEED    18   HIGHEST WIND DIRECTION     E (100)
  HIGHEST GUST SPEED    22   HIGHEST GUST DIRECTION     E (70)
  AVERAGE WIND SPEED     9.3


SKY COVER
  POSSIBLE SUNSHINE  MM
  AVERAGE SKY COVER 0.0


WEATHER CONDITIONS
 THE FOLLOWING WEATHER WAS RECORDED YESTERDAY.
  NO SIGNIFICANT WEATHER WAS OBSERVED.


RELATIVE HUMIDITY (PERCENT)
 HIGHEST    86           400 AM
 LOWEST     37           200 PM
 AVERAGE    62

..........................................................


THE TUPELO CLIMATE NORMALS FOR TODAY
                         NORMAL    RECORD    YEAR
 MAXIMUM TEMPERATURE (F)   77        91      1981
 MINIMUM TEMPERATURE (F)   54        35      1973


SUNRISE AND SUNSET
APRIL 28 2015.........SUNRISE   609 AM CDT   SUNSET   737 PM CDT
APRIL 29 2015.........SUNRISE   608 AM CDT   SUNSET   738 PM CDT


-  INDICATES NEGATIVE NUMBERS.
R  INDICATES RECORD WAS SET OR TIED.
MM INDICATES DATA IS MISSING.
T  INDICATES TRACE AMOUNT.




$$
