000
CDUS44 KJAN 062112
CLITVR


CLIMATE REPORT
NATIONAL WEATHER SERVICE JACKSON MS
411 PM CDT WED MAY 6 2015


...................................

...THE VICKSBURG CLIMATE SUMMARY FOR MAY 6 2015...
VALID TODAY AS OF 0400 PM LOCAL TIME.

CLIMATE NORMAL PERIOD 1981 TO 2010
CLIMATE RECORD PERIOD 1948 TO 2015


WEATHER ITEM   OBSERVED TIME   RECORD YEAR NORMAL DEPARTURE LAST
                VALUE   (LST)  VALUE       VALUE  FROM      YEAR
                                                  NORMAL
..................................................................
TEMPERATURE (F)
 TODAY
  MAXIMUM         85    250 PM  93    1952  81      4       84
  MINIMUM         56    516 AM  41    1957  59     -3       53
  AVERAGE         71                        70      1       69

PRECIPITATION (IN)
  TODAY            0.00          2.28 1960   0.17  -0.17     0.00
  MONTH TO DATE    0.00                      1.06  -1.06     0.00
  SINCE MAR 1     10.28                     11.06  -0.78    18.98
  SINCE JAN 1     21.53                     21.40   0.13    24.40

SNOWFALL (IN)
  TODAY            0.0

DEGREE DAYS
 HEATING
  TODAY            0                         1     -1        0
  MONTH TO DATE    3                         6     -3       11
  SINCE MAR 1    264                       371   -107      467
  SINCE JUL 1   2522                      2347    175     2876

 COOLING
  TODAY            6                         6      0        4
  MONTH TO DATE   23                        32     -9       18
  SINCE MAR 1    177                       141     36      131
  SINCE JAN 1    177                       150     27      138
..................................................................


WIND (MPH)
  HIGHEST WIND SPEED    16   HIGHEST WIND DIRECTION    SE (140)
  HIGHEST GUST SPEED    23   HIGHEST GUST DIRECTION    SE (130)
  AVERAGE WIND SPEED     5.5


SKY COVER
  POSSIBLE SUNSHINE  MM
  AVERAGE SKY COVER 0.1


WEATHER CONDITIONS
 THE FOLLOWING WEATHER WAS RECORDED TODAY.
  FOG


RELATIVE HUMIDITY (PERCENT)
 HIGHEST    93           200 AM
 LOWEST     40           300 PM
 AVERAGE    67

..........................................................


THE VICKSBURG CLIMATE NORMALS FOR TOMORROW
                         NORMAL    RECORD    YEAR
 MAXIMUM TEMPERATURE (F)   82        92      1952
 MINIMUM TEMPERATURE (F)   59        45      1957


SUNRISE AND SUNSET
MAY  6 2015...........SUNRISE   613 AM CDT   SUNSET   749 PM CDT
MAY  7 2015...........SUNRISE   612 AM CDT   SUNSET   749 PM CDT


-  INDICATES NEGATIVE NUMBERS.
R  INDICATES RECORD WAS SET OR TIED.
MM INDICATES DATA IS MISSING.
T  INDICATES TRACE AMOUNT.




$$
