000
CDUS44 KSHV 250753
CLITYR


CLIMATE REPORT
NATIONAL WEATHER SERVICE SHREVEPORT, LA
250 AM CDT SAT APR 25 2015


...................................

...THE TYLER CLIMATE SUMMARY FOR APRIL 24 2015...

CLIMATE NORMAL PERIOD 1981 TO 2010
CLIMATE RECORD PERIOD 1896 TO 2015


WEATHER ITEM   OBSERVED TIME   RECORD YEAR NORMAL DEPARTURE LAST
                VALUE   (LST)  VALUE       VALUE  FROM      YEAR
                                                  NORMAL
..................................................................
TEMPERATURE (F)
 YESTERDAY
  MAXIMUM         80    100 PM  91    2011  77      3       83
                                      1925
  MINIMUM         65   1159 PM  40    2013  57      8       63
                                      2005
  AVERAGE         73                        67      6       73

PRECIPITATION (IN)
  YESTERDAY        1.36          4.29 1966   0.13   1.23     0.00
  MONTH TO DATE    8.04                      2.41   5.63     2.47
  SINCE DEC 1     23.48                     17.64   5.84    11.79
  SINCE JAN 1     22.01                     13.40   8.61     8.77

SNOWFALL (IN)
  YESTERDAY        0.0
  MONTH TO DATE    0.0
  SINCE MAR 1      0.5
  SINCE JUL 1      2.1
  SNOW DEPTH       0

DEGREE DAYS
 HEATING
  YESTERDAY        0                         1     -1        0
  MONTH TO DATE   31                        91    -60       97
  SINCE MAR 1    296                       364    -68      446
  SINCE JUL 1   2183                      2256    -73     2510

 COOLING
  YESTERDAY        8                         3      5        8
  MONTH TO DATE  119                        53     66       85
  SINCE MAR 1    151                        74     77       98
  SINCE JAN 1    151                        86     65      101
..................................................................


WIND (MPH)
  HIGHEST WIND SPEED    28   HIGHEST WIND DIRECTION     W (290)
  HIGHEST GUST SPEED    45   HIGHEST GUST DIRECTION     W (290)
  AVERAGE WIND SPEED     9.5


SKY COVER
  POSSIBLE SUNSHINE  MM
  AVERAGE SKY COVER 0.9


WEATHER CONDITIONS
 THE FOLLOWING WEATHER WAS RECORDED YESTERDAY.
  THUNDERSTORM
  HEAVY RAIN
  LIGHT RAIN
  FOG


RELATIVE HUMIDITY (PERCENT)
 HIGHEST    93           100 AM
 LOWEST     64           400 PM
 AVERAGE    79

..........................................................


THE TYLER CLIMATE NORMALS FOR TODAY
                         NORMAL    RECORD    YEAR
 MAXIMUM TEMPERATURE (F)   77        92      1925
 MINIMUM TEMPERATURE (F)   57        32      1910


SUNRISE AND SUNSET
APRIL 25 2015.........SUNRISE   641 AM CDT   SUNSET   758 PM CDT
APRIL 26 2015.........SUNRISE   640 AM CDT   SUNSET   759 PM CDT


-  INDICATES NEGATIVE NUMBERS.
R  INDICATES RECORD WAS SET OR TIED.
MM INDICATES DATA IS MISSING.
T  INDICATES TRACE AMOUNT.




$$
