000
CDUS43 KLOT 260636
CLIUGN


CLIMATE REPORT
NATIONAL WEATHER SERVICE CHICAGO IL
136 AM CDT SUN APR 26 2015


...................................

...THE WAUKEGAN   CLIMATE SUMMARY FOR APRIL 25 2015...

CLIMATE NORMAL PERIOD 1981 TO 2010
CLIMATE RECORD PERIOD 2000 TO 2015


WEATHER ITEM   OBSERVED TIME   RECORD YEAR NORMAL DEPARTURE LAST
                VALUE   (LST)  VALUE       VALUE  FROM      YEAR
                                                  NORMAL
..................................................................
TEMPERATURE (F)
 YESTERDAY
  MAXIMUM         44    128 PM  80    2008  59    -15       67
  MINIMUM         37   1159 PM  28    2006  40     -3       42
  AVERAGE         41

PRECIPITATION (IN)
  YESTERDAY        T             0.92 2009   0.12  -0.12     0.22
  MONTH TO DATE    4.24                      2.72   1.52     1.83
  SINCE MAR 1      4.88                      5.04  -0.16     2.59
  SINCE JAN 1      5.42                      8.09  -2.67     4.61

DEGREE DAYS
 HEATING
  YESTERDAY       24                        15      9       10
  MONTH TO DATE  470                       500    -30      534
  SINCE MAR 1   1476                      1424     52     1673
  SINCE JUL 1   7001                      6370    631     7542

 COOLING
  YESTERDAY        0                         0      0        0
  MONTH TO DATE    0                         0      0        0
  SINCE MAR 1      0                         0      0        0
  SINCE JAN 1      0                         0      0        0
..................................................................


WIND (MPH)
  RESULTANT WIND SPEED  10   RESULTANT WIND DIRECTION  NE (40)
  HIGHEST WIND SPEED    21   HIGHEST WIND DIRECTION     N (20)
  HIGHEST GUST SPEED    27   HIGHEST GUST DIRECTION     N (20)
  AVERAGE WIND SPEED    11.3


SKY COVER
  POSSIBLE SUNSHINE  MM
  AVERAGE SKY COVER 0.9


WEATHER CONDITIONS
 THE FOLLOWING WEATHER WAS RECORDED YESTERDAY.
  NO SIGNIFICANT WEATHER WAS OBSERVED.


RELATIVE HUMIDITY (PERCENT)
 HIGHEST    92
 LOWEST     55
 AVERAGE    74

..........................................................


THE WAUKEGAN   CLIMATE NORMALS FOR TODAY
                         NORMAL    RECORD    YEAR
 MAXIMUM TEMPERATURE (F)   60        77      2001
 MINIMUM TEMPERATURE (F)   41        27      2006


SUNRISE AND SUNSET
APRIL 26 2015.........SUNRISE   554 AM CDT   SUNSET   745 PM CDT
APRIL 27 2015.........SUNRISE   553 AM CDT   SUNSET   746 PM CDT


-  INDICATES NEGATIVE NUMBERS.
R  INDICATES RECORD WAS SET OR TIED.
MM INDICATES DATA IS MISSING.
T  INDICATES TRACE AMOUNT.




$$
