000
CDUS41 KBTV 270537
CLIVSF


CLIMATE REPORT
NATIONAL WEATHER SERVICE BURLINGTON VT
135 AM EDT MON APR 27 2015


...................................

...THE SPRINGFIELD VT CLIMATE SUMMARY FOR APRIL 26 2015...

CLIMATE NORMAL PERIOD 1981 TO 2010
CLIMATE RECORD PERIOD 9999 TO 9999


WEATHER ITEM   OBSERVED TIME   NORMAL DEPARTURE LAST
                VALUE   (LST)  VALUE  FROM      YEAR
                                      NORMAL
......................................................
TEMPERATURE (F)
 YESTERDAY
  MAXIMUM         54    345 PM  61     -7       53
  MINIMUM         36    450 AM  37     -1       39
  AVERAGE         45            49     -4       46

PRECIPITATION (IN)
  YESTERDAY        T             0.10  -0.10     0.98
  MONTH TO DATE    2.24          3.20  -0.96     2.92
  SINCE MAR 1      3.09          6.50  -3.41     4.94
  SINCE JAN 1      7.24         12.11  -4.87     8.63

DEGREE DAYS
 HEATING
  YESTERDAY       20            16      4       19
  MONTH TO DATE  599           563     36      562
  SINCE MAR 1   1798          1598    200     1834
  SINCE JUL 1   7350          7043    307     7545

 COOLING
  YESTERDAY        0             0      0        0
  MONTH TO DATE    0             0      0        0
  SINCE MAR 1      0             0      0        0
  SINCE JAN 1      0             0      0        0
......................................................


WIND (MPH)
  HIGHEST WIND SPEED    13   HIGHEST WIND DIRECTION     W (270)
  HIGHEST GUST SPEED    17   HIGHEST GUST DIRECTION     W (270)
  AVERAGE WIND SPEED     3.5


SKY COVER
  AVERAGE SKY COVER 1.0


WEATHER CONDITIONS
 THE FOLLOWING WEATHER WAS RECORDED YESTERDAY.
  NO SIGNIFICANT WEATHER WAS OBSERVED.


RELATIVE HUMIDITY (PERCENT)
 HIGHEST    85           600 AM
 LOWEST     38           300 PM
 AVERAGE    62

..........................................................


THE SPRINGFIELD VT CLIMATE NORMALS FOR TODAY
                         NORMAL    RECORD    YEAR
 MAXIMUM TEMPERATURE (F)   62        85      2009
 MINIMUM TEMPERATURE (F)   37        27      2002


SUNRISE AND SUNSET
APRIL 27 2015.........SUNRISE   549 AM EDT   SUNSET   747 PM EDT
APRIL 28 2015.........SUNRISE   548 AM EDT   SUNSET   748 PM EDT


-  INDICATES NEGATIVE NUMBERS.
R  INDICATES RECORD WAS SET OR TIED.
MM INDICATES DATA IS MISSING.
T  INDICATES TRACE AMOUNT.




$$
