000
CDUS46 KPDT 020050
CLIYKM

CLIMATE REPORT
NATIONAL WEATHER SERVICE PENDLETON OR
550 PM PDT WED APR 1 2015


...................................

...THE YAKIMA WA CLIMATE SUMMARY FOR APRIL 1 2015...
VALID TODAY AS OF 0500 PM LOCAL TIME.

CLIMATE NORMAL PERIOD 1981 TO 2010
CLIMATE RECORD PERIOD 1946 TO 2015


WEATHER ITEM   OBSERVED TIME   RECORD YEAR NORMAL DEPARTURE LAST
                VALUE   (LST)  VALUE       VALUE  FROM      YEAR
                                                  NORMAL
..................................................................
TEMPERATURE (F)
 TODAY
  MAXIMUM         61    214 PM  80    2013  61      0       64
  MINIMUM         30    534 AM  20    2008  32     -2       44
                                      2007
  AVERAGE         46                        46      0       54

PRECIPITATION (IN)
  TODAY            0.00          0.34 1958   0.02  -0.02     0.00
  MONTH TO DATE    0.00                      0.02  -0.02     0.00
  SINCE OCT 1      4.52                      5.68  -1.16     3.16
  SINCE JAN 1      2.42                      2.56  -0.14     2.33

SNOWFALL (IN)
  TODAY            0.0           0.0  2002   0.0    0.0      0.0
                                      2001
                                      2000
  MONTH TO DATE    0.0                       0.0    0.0      0.0
  SINCE JAN 1      1.6                       8.6   -7.0     19.9
  SINCE JUL 1      1.6                      21.6  -20.0     19.9
  SNOW DEPTH       0

DEGREE DAYS
 HEATING
  TODAY           19                        18      1       11
  MONTH TO DATE   19                        18      1       11
  SINCE MAR 1    473                       695   -222      645
  SINCE JUL 1   4055                      5222  -1167     5047

 COOLING
  TODAY            0                         0      0        0
  MONTH TO DATE    0                         0      0        0
  SINCE MAR 1      0                         0      0        0
  SINCE JAN 1      0                         0      0        0
..................................................................


WIND (MPH)
  HIGHEST WIND SPEED    16   HIGHEST WIND DIRECTION     W (280)
  HIGHEST GUST SPEED    20   HIGHEST GUST DIRECTION     W (290)
  AVERAGE WIND SPEED     5.4


SKY COVER
  POSSIBLE SUNSHINE  MM
  AVERAGE SKY COVER 0.2


WEATHER CONDITIONS
 THE FOLLOWING WEATHER WAS RECORDED TODAY.
  NO SIGNIFICANT WEATHER WAS OBSERVED.


RELATIVE HUMIDITY (PERCENT)
 HIGHEST    72           500 AM
 LOWEST     22           300 PM
 AVERAGE    47

..........................................................


THE YAKIMA WA CLIMATE NORMALS FOR TOMORROW
                         NORMAL    RECORD    YEAR
 MAXIMUM TEMPERATURE (F)   61        80      1992
 MINIMUM TEMPERATURE (F)   33        22      2007
                                             1953


SUNRISE AND SUNSET
APRIL  1 2015.........SUNRISE   642 AM PDT   SUNSET   731 PM PDT
APRIL  2 2015.........SUNRISE   640 AM PDT   SUNSET   732 PM PDT


-  INDICATES NEGATIVE NUMBERS.
R  INDICATES RECORD WAS SET OR TIED.
MM INDICATES DATA IS MISSING.
T  INDICATES TRACE AMOUNT.

$$
