000
CDUS41 KPBZ 272113
CLIZZV


CLIMATE REPORT
NATIONAL WEATHER SERVICE PITTSBURGH PA
513 PM EDT MON APR 27 2015


...................................

...THE ZANESVILLE OH CLIMATE SUMMARY FOR APRIL 27 2015...
VALID TODAY AS OF 0500 PM LOCAL TIME.

CLIMATE NORMAL PERIOD 1981 TO 2010
CLIMATE RECORD PERIOD 1946 TO 2015


WEATHER ITEM   OBSERVED TIME   RECORD YEAR NORMAL DEPARTURE LAST
                VALUE   (LST)  VALUE       VALUE  FROM      YEAR
                                                  NORMAL
..................................................................
TEMPERATURE (F)
 TODAY
  MAXIMUM         52    215 PM  88    1990  67    -15       67
  MINIMUM         34    540 AM  26    1971  43     -9       38
  AVERAGE         43                        55    -12       53

PRECIPITATION (IN)
  TODAY            T            MM      MM   0.12  -0.12     0.00
  MONTH TO DATE    5.99                      3.11   2.88     3.39
  SINCE JUN 1     35.73                     33.34   2.39    36.10
  SINCE JAN 1     13.32                     10.94   2.38     7.79

DEGREE DAYS
 HEATING
  TODAY           22                        10     12       12
  MONTH TO DATE  328                       383    -55      347
  SINCE MAR 1   1198                      1136     62     1248
  SINCE JUL 1   5855                      5327    528     5805

 COOLING
  TODAY            0                         0      0        0
  MONTH TO DATE    1                         0      1        5
  SINCE MAR 1      1                         1      0        5
  SINCE JAN 1      1                         1      0        5
..................................................................


WIND (MPH)
  HIGHEST WIND SPEED    16   HIGHEST WIND DIRECTION    NW (320)
  HIGHEST GUST SPEED    22   HIGHEST GUST DIRECTION    NW (330)
  AVERAGE WIND SPEED     7.4


SKY COVER
  POSSIBLE SUNSHINE  MM
  AVERAGE SKY COVER 0.4


WEATHER CONDITIONS
 THE FOLLOWING WEATHER WAS RECORDED TODAY.
  LIGHT RAIN


RELATIVE HUMIDITY (PERCENT)
 HIGHEST    75           400 AM
 LOWEST     56           900 AM
 AVERAGE    66

..........................................................


THE ZANESVILLE OH CLIMATE NORMALS FOR TOMORROW
                         NORMAL    RECORD    YEAR
 MAXIMUM TEMPERATURE (F)   67        88      1986
 MINIMUM TEMPERATURE (F)   44        25      1947


SUNRISE AND SUNSET
APRIL 27 2015.........SUNRISE   633 AM EDT   SUNSET   818 PM EDT
APRIL 28 2015.........SUNRISE   632 AM EDT   SUNSET   819 PM EDT


-  INDICATES NEGATIVE NUMBERS.
R  INDICATES RECORD WAS SET OR TIED.
MM INDICATES DATA IS MISSING.
T  INDICATES TRACE AMOUNT.




$$
