000
CXUS54 KSJT 011438
CLMABI


CLIMATE REPORT
NATIONAL WEATHER SERVICE SAN ANGELO TX
936 AM CDT WED APR 1 2015

...................................

...THE ABILENE CLIMATE SUMMARY FOR THE MONTH OF MARCH 2015...

CLIMATE NORMAL PERIOD 1981 TO 2010
CLIMATE RECORD PERIOD 1886 TO 2015

WEATHER         OBSERVED          NORMAL  DEPART  LAST YEAR`S
                 VALUE   DATE(S)  VALUE   FROM    VALUE  DATE(S)
                                          NORMAL
................................................................
TEMPERATURE (F)
RECORD
 HIGH              98   03/21/1916
 LOW                9   03/11/1948
HIGHEST            91   03/29        MM      MM       92  03/11
LOWEST             20   03/05        MM      MM       11  03/03
AVG. MAXIMUM     67.5              68.6    -1.1     69.9
AVG. MINIMUM     44.0              44.1    -0.1     40.3
MEAN             55.7              56.4    -0.7     55.1
DAYS MAX >= 90      1               0.6     0.4        2
DAYS MAX <= 32      1               0.1     0.9        0
DAYS MIN <= 32      5               3.6     1.4        6
DAYS MIN <= 0       0               0.0     0.0        0

PRECIPITATION (INCHES)
RECORD
 MAXIMUM         5.16   1979
 MINIMUM         0.00   1904
TOTALS           1.60              1.74   -0.14     0.67
DAILY AVG.       0.05              0.06   -0.01     0.02
DAYS >= .01         9               6.0     3.0        3
DAYS >= .10         4               3.4     0.6        1
DAYS >= .50         1               1.2    -0.2        1
DAYS >= 1.00        0               0.4    -0.4        0
GREATEST
 24 HR. TOTAL    0.54   03/09 TO 03/09

SNOWFALL (INCHES)
RECORDS
 TOTAL             MM   5
TOTALS            0.7               0.3     0.4        T
SINCE 7/1         3.8               4.4    -0.6      3.1
SNOWDEPTH AVG.      0                MM      MM        0
DAYS >= 1.0         0               0.1    -0.1        0
GREATEST
 SNOW DEPTH         1   03/05                          0  MM
 24 HR TOTAL      0.6   03/04 TO 03/04

DEGREE_DAYS
HEATING TOTAL     326               298      28      340
 SINCE 7/1       2403              2431     -28     2702
COOLING TOTAL      47                29      18       39
 SINCE 1/1         51                34      17       44
.................................................................

WIND (MPH)
AVERAGE WIND SPEED              9.0
HIGHEST WIND SPEED/DIRECTION    38/350    DATE  03/25
HIGHEST GUST SPEED/DIRECTION    48/360    DATE  03/25

SKY COVER
AVERAGE SKY COVER           0.40

AVERAGE RH (PERCENT)     66

WEATHER CONDITIONS. NUMBER OF DAYS WITH
THUNDERSTORM              0     MIXED PRECIP               0
HEAVY RAIN                0     RAIN                       3
LIGHT RAIN               11     FREEZING RAIN              0
LT FREEZING RAIN          3     HAIL                       0
HEAVY SNOW                0     SNOW                       1
LIGHT SNOW                2     SLEET                      1
FOG                      11     FOG W/VIS <= 1/4 MILE      2
HAZE                      1

-  INDICATES NEGATIVE NUMBERS.
R  INDICATES RECORD WAS SET OR TIED.
MM INDICATES DATA IS MISSING.
T  INDICATES TRACE AMOUNT.

$$
