000
CXUS51 KBOX 011339
CLMBDL


CLIMATE REPORT
NATIONAL WEATHER SERVICE TAUNTON MA
923 AM EDT WED APR 1 2015

...................................

...THE HARTFORD CT CLIMATE SUMMARY FOR THE MONTH OF MARCH 2015...

CLIMATE NORMAL PERIOD 1981 TO 2010
CLIMATE RECORD PERIOD 1904 TO 2015

WEATHER         OBSERVED          NORMAL  DEPART
                 VALUE   DATE(S)  VALUE   FROM
                                          NORMAL
................................................
TEMPERATURE (F)
RECORD
 HIGH              89   03/31/1998
 LOW               -6   03/07/2003
                        03/19/1967
HIGHEST            57   03/11
LOWEST              2   03/01
AVG. MAXIMUM     41.8              47.7    -5.9
AVG. MINIMUM     23.2              27.9    -4.7
MEAN             32.5              37.8    -5.3
DAYS MAX >= 90      0               0.0     0.0
DAYS MAX <= 32      4               1.7     2.3
DAYS MIN <= 32     26              21.0     5.0
DAYS MIN <= 0       0               0.0     0.0

PRECIPITATION (INCHES)
RECORD
 MAXIMUM         9.21   1953
 MINIMUM         0.27   1981
TOTALS           2.66              3.62   -0.96
DAYS >= .01        13              11.5     1.5
DAYS >= .10         8               7.1     0.9
DAYS >= .50         2               2.4    -0.4
DAYS >= 1.00        0               0.8    -0.8
GREATEST
 24 HR. TOTAL    0.72   03/14 TO 03/14

SNOWFALL (INCHES)
RECORDS
 TOTAL           43.3   1956
 SNOW DEPTH        24   03/04/2015
                        03/02/2015
TOTALS            9.0               6.4     2.6
SINCE 7/1        63.8              39.1    24.7
SNOWDEPTH AVG.     10
GREATEST
 SNOW DEPTH        24R  03/04
                        03/02
 24 HR TOTAL      2.9   03/01 TO 03/01

DEGREE_DAYS
HEATING TOTAL     998               843     155
 SINCE 7/1       5643              5281     362
COOLING TOTAL       0                 0       0
 SINCE 1/1          0                 0       0
.................................................

WIND (MPH)
AVERAGE WIND SPEED              8.8
RESULTANT WIND SPEED/DIRECTION   5/300
HIGHEST WIND SPEED/DIRECTION    44/310    DATE  03/18
HIGHEST GUST SPEED/DIRECTION    57/320    DATE  03/17

SKY COVER
POSSIBLE SUNSHINE (PERCENT)   MM
AVERAGE SKY COVER           0.60
NUMBER OF DAYS FAIR            7
NUMBER OF DAYS PC             13
NUMBER OF DAYS CLOUDY         11

AVERAGE RH (PERCENT)     57

WEATHER CONDITIONS. NUMBER OF DAYS WITH
THUNDERSTORM              0     MIXED PRECIP               0
HEAVY RAIN                0     RAIN                       3
LIGHT RAIN               12     FREEZING RAIN              0
LT FREEZING RAIN          1     HAIL                       0
HEAVY SNOW                0     SNOW                       2
LIGHT SNOW                8     SLEET                      2
FOG                      14     FOG W/VIS <= 1/4 MILE      3
HAZE                      5

-  INDICATES NEGATIVE NUMBERS.
R  INDICATES RECORD WAS SET OR TIED.
MM INDICATES DATA IS MISSING.
T  INDICATES TRACE AMOUNT.

$$

SIPPRELL
