000
CXUS55 KVEF 011201
CLMBIH


CLIMATE REPORT
NATIONAL WEATHER SERVICE LAS VEGAS, NV
501 AM PDT FRI MAY 1 2015

...................................

...THE BISHOP CA CLIMATE SUMMARY FOR THE MONTH OF APRIL 2015...

CLIMATE NORMAL PERIOD 1981 TO 2010
CLIMATE RECORD PERIOD 1943 TO 2015

WEATHER         OBSERVED          NORMAL  DEPART  LAST YEAR`S
                 VALUE   DATE(S)  VALUE   FROM    VALUE  DATE(S)
                                          NORMAL
................................................................
TEMPERATURE (F)
RECORD
 HIGH              93   04/08/1989
                        04/07/1989
                        04/30/1981
 LOW               15   04/09/1953
HIGHEST            87   04/29        72      15       86  04/21
LOWEST             24   04/09        36     -12       25  04/03
AVG. MAXIMUM     75.5              72.7     2.8     76.1
AVG. MINIMUM     37.5              36.3     1.2     39.6
MEAN             56.5              54.5     2.0     57.8
DAYS MAX >= 90      0               0.5    -0.5        0
DAYS MAX <= 32      0               0.0     0.0        0
DAYS MIN <= 32      7               7.3    -0.3        3
DAYS MIN <= 0       0               0.0     0.0        0

PRECIPITATION (INCHES)
RECORD
 MAXIMUM         2.26   1956
 MINIMUM         0.00   2008
                        1997
                        1993
TOTALS           0.01              0.26   -0.25     0.07
DAILY AVG.       0.00              0.01   -0.01     0.00
DAYS >= .01         1               1.9    -0.9        2
DAYS >= .10         0               0.7    -0.7        0
DAYS >= .50         0               0.1    -0.1        0
DAYS >= 1.00        0               0.0     0.0        0
GREATEST
 24 HR. TOTAL    0.01   04/23 TO 04/23
                        04/22 TO 04/23
                        04/23 TO 04/23

SNOWFALL (INCHES)
RECORDS
 TOTAL            8.8   1956
 24 HR TOTAL      8.8
TOTALS            0.0                 T     0.0      0.1
SINCE 7/1           T
SNOWDEPTH AVG.      0
DAYS >= TRACE       0
DAYS >= 1.0         0
GREATEST
 SNOW DEPTH         0
 24 HR TOTAL      0.0   04/30 TO 04/30
 STORM TOTAL       MM
 (MM/DD(HH))

DEGREE_DAYS
HEATING TOTAL     250               319     -69      209
 SINCE 7/1       2991              4042   -1051     3594
COOLING TOTAL       4                 4       0        4
 SINCE 1/1          4                 4       0        4

FREEZE DATES
RECORD
 EARLIEST     09/20/1986
 LATEST       06/07/1988
EARLIEST                        10/15
LATEST                          05/03
.................................................................

WIND (MPH)
AVERAGE WIND SPEED              10.4
HIGHEST WIND SPEED/DIRECTION    41/350    DATE  04/14
HIGHEST GUST SPEED/DIRECTION    61/110    DATE  04/19

SKY COVER
POSSIBLE SUNSHINE (PERCENT)   MM
AVERAGE SKY COVER           0.10
NUMBER OF DAYS FAIR           27
NUMBER OF DAYS PC              3
NUMBER OF DAYS CLOUDY          0

AVERAGE RH (PERCENT)     25

WEATHER CONDITIONS. NUMBER OF DAYS WITH
THUNDERSTORM              0     MIXED PRECIP               0
HEAVY RAIN                0     RAIN                       0
LIGHT RAIN                2     FREEZING RAIN              0
LT FREEZING RAIN          0     HAIL                       0
HEAVY SNOW                0     SNOW                       0
LIGHT SNOW                0     SLEET                      0
FOG                       0     FOG W/VIS <= 1/4 MILE      0
HAZE                      2

-  INDICATES NEGATIVE NUMBERS.
R  INDICATES RECORD WAS SET OR TIED.
MM INDICATES DATA IS MISSING.
T  INDICATES TRACE AMOUNT.

$$
