000
CXUX51 KGYX 011811
CLMGYX

CLIMATE REPORT
NATIONAL WEATHER SERVICE GRAY ME
1048 AM EDT FRI MAY 1 2015

...................................

...THE GRAY ME CLIMATE SUMMARY FOR THE MONTH OF APRIL 2015...

CLIMATE NORMAL PERIOD 1981 TO 2010
CLIMATE RECORD PERIOD 1995 TO 2015

WEATHER         OBSERVED          NORMAL  DEPART  LAST YEAR`S
                 VALUE   DATE(S)  VALUE   FROM    VALUE
                                          NORMAL
.............................................................
TEMPERATURE (F)
RECORD
 HIGH              91   04/28/2009
 LOW               22   04/17/2014
HIGHEST            69   04/13        79     -10       69
LOWEST             23   04/01        26      -3       22
AVG. MAXIMUM     52.5              53.6    -1.1     51.8
AVG. MINIMUM     34.2              34.9    -0.7     33.4
MEAN             43.3              44.3    -1.0     42.6
DAYS MAX >= 90      0               0.1    -0.1        0
DAYS MAX <= 32      0               0.3    -0.3        0
DAYS MIN <= 32     10               9.6     0.4       13
DAYS MIN <= 0       0               0.0     0.0        0

PRECIPITATION (INCHES)
RECORD
 MAXIMUM        10.62   2005
 MINIMUM         0.35   1999
TOTALS           3.49              4.38   -0.89     3.01
DAILY AVG.       0.12              0.15   -0.03     0.10
DAYS >= .01        12              11.1     0.9       13
DAYS >= .10         5               6.7    -1.7       10
DAYS >= .50         2               2.9    -0.9        1
DAYS >= 1.00        2               1.2     0.8        0
GREATEST
 24 HR. TOTAL    2.44   04/20 TO 04/21

SNOWFALL (INCHES)
RECORDS
 TOTAL           27.2   2007
TOTALS            3.0               4.8    -1.8      1.2
SINCE 7/1       107.3              83.8    23.5     83.0
SNOWDEPTH AVG.      3
DAYS >= TRACE       9               2.2     6.8        3
DAYS >= 1.0         2               1.0     1.0        1
GREATEST
SNOW DEPTH         11   04/03                          8
                        04/02
                        04/01
 24 HR TOTAL      2.8   04/08 TO 04/09

DEGREE_DAYS
HEATING TOTAL     643               624      19      666
 SINCE 7/1       7254              6775     479     7302
COOLING TOTAL       0                 1      -1        0
 SINCE 1/1          0                 1      -1        0
..............................................................



-  INDICATES NEGATIVE NUMBERS.
R  INDICATES RECORD WAS SET OR TIED.
MM INDICATES DATA IS MISSING.
T  INDICATES TRACE AMOUNT.

&&

THE COLD WINTER HELD ON TOUGH THROUGH THE FIRST PART OF APRIL. WINTER`S
LAST GASP CAME ON APRIL 8 AND 9 WHEN THE FINAL 2.8 INCHES OF SNOW OF
THE SEASON FELL. BUT SPRING ARRIVED VERY QUICKLY AFTERWARDS. BY APRIL
12 THE TEMPERATURE SOARED TO 66 DEGREES. PRIOR TO THIS POINT THE
TEMPERATURE HAD ONLY TOPPED 50 DEGREES TWICE ALL YEAR. THIS WAS JUST THE
START OF A STRETCH OF 8 STRAIGHT DAYS ABOVE 50 DEGREES, WITH 5 OF THE
NEXT 6 DAYS SURPASSING 60 DEGREES. THE WARMEST TEMPERATURE OF THE MONTH
WAS 69 DEGREES ON APRIL 13. ALTHOUGH THE MONTH STARTED OFF WITH 11
INCHES OF SNOW ON THE GROUND, IT HAD ALL MELTED BY THE MORNING OF APRIL
17. THE WEATHER PATTERN BEGAN TO SHIFT AGAIN TOWARD THE MIDDLE OF THE
MONTH. HEAVY RAIN FELL ON APRIL 20 AND 21, THE FIRST SIGNIFICANT RAIN
STORM SINCE EARLY DECEMBER. TEMPERATURES THEN TURNED COOLER AGAIN AND
WERE BELOW NORMAL FOR MOST OF THE REST OF THE MONTH.

THE AVERAGE TEMPERATURE WAS 43.3 DEGREES WHICH WAS 1.0 DEGREES BELOW
NORMAL. THIS MARKED THE FOURTH CONSECUTIVE MONTH OF BELOW NORMAL
TEMPERATURES AT THE NATIONAL WEATHER SERVICE OFFICE IN GRAY. THE WARMEST
APRIL WAS 2010 WITH AN AVERAGE TEMPERATURE OF 49.0 DEGREES. THE COLDEST
WAS 2003 AT 41.1 DEGREES.

A TOTAL OF 3.49 INCHES OF PRECIPITATION FELL WHICH WAS 0.89 INCHES BELOW
NORMAL. MUCH OF THAT FELL ON APRIL 20 AND 21 WHEN 2.44 INCHES OF RAIN
WAS MEASURED. THE WETTEST APRIL ON RECORD WAS 2005 WHEN 10.62 INCHES
FELL. THE DRIEST WAS 1999 WITH ONLY 0.35 INCHES.

3.0 INCHES OF SNOW FELL WHICH WAS 1.8 INCHES BELOW NORMAL. IT WAS THE
SNOWIEST APRIL SINCE 2011. THE SNOWIEST APRIL ON RECORD WAS 2007 WHEN
27.2 INCHES FELL. THE LEAST SNOWY APRIL WAS 1999 WHEN NO SNOW FELL. IN
THE SHORT 20 YEAR HISTORY OF OBSERVATIONS AT THE NATIONAL WEATHER
SERVICE OFFICE IN GRAY THERE HAVE BEEN 3 OTHER YEARS WHICH ONLY
RECORDED A TRACE OF SNOWFALL.

$$

KIMBLE
