000
CXCA52 TJSJ 032156
CLMIST


CLIMATE REPORT
NATIONAL WEATHER SERVICE SAN JUAN, PR
553 PM AST FRI APR 3 2015

...................................

...THE CYRIL E. KING AP/ST THOMAS  CLIMATE SUMMARY FOR THE MONTH OF MARCH 2015...

CLIMATE NORMAL PERIOD 1981 TO 2010
CLIMATE RECORD PERIOD 1953 TO 2015

WEATHER         OBSERVED          NORMAL  DEPART  LAST YEAR`S
                 VALUE   DATE(S)  VALUE   FROM    VALUE  DATE(S)
                                          NORMAL
................................................................
TEMPERATURE (F)
RECORD
 HIGH              94   03/27/1994
                        03/26/1994
                        03/21/1994
 LOW               60   03/30/1972
                        03/01/1972
HIGHEST            87   03/10        86      1.0      89  03/27
                        03/06
LOWEST             69   03/17        73     -4.0     71   03/12
                                                          03/10
                                                          03/07
AVG. MAXIMUM     84.3              85.9    -1.6     84.0
AVG. MINIMUM     72.6              72.8    -0.2     73.6
MEAN             78.4              79.4    -1.0     78.8
DAYS MAX >= 90      0               3.0    -3.0        0
DAYS MAX <= 32      0               0.0     0.0        0
DAYS MIN <= 32      0               0.0     0.0        0
DAYS MIN <= 0       0               0.0     0.0        0

PRECIPITATION (INCHES)
RECORD
 MAXIMUM         6.23   2004
 MINIMUM         0.01   2008
TOTALS           1.68              1.42    0.26     1.81
DAILY AVG.       0.05              0.05    0.00     0.06
DAYS >= .01        16               9.1     6.9        9
DAYS >= .10         4               3.5     0.5        4
DAYS >= .50         1               0.7     0.3        1
DAYS >= 1.00        0               0.2    -0.2        0
GREATEST
 24 HR. TOTAL    0.89   03/16 TO 03/16

SNOWFALL (INCHES)
TOTALS            0.0               0.0     0.0      0.0

DEGREE_DAYS
HEATING TOTAL       0                 0       0        0
COOLING TOTAL     423               445     -22      435
.................................................................

WIND (MPH)
AVERAGE WIND SPEED              10.8
HIGHEST WIND SPEED/DIRECTION    32/090    DATE  03/05
HIGHEST GUST SPEED/DIRECTION    38/038    DATE  03/05

SKY COVER
AVERAGE SKY COVER           0.30

AVERAGE RH (PERCENT)     74

WEATHER CONDITIONS. NUMBER OF DAYS WITH
THUNDERSTORM              0     MIXED PRECIP               0
HEAVY RAIN                1     RAIN                       0
LIGHT RAIN                6     FREEZING RAIN              0
LT FREEZING RAIN          0     HAIL                       0
HEAVY SNOW                0     SNOW                       0
LIGHT SNOW                0     SLEET                      0
FOG                       2     FOG W/VIS <= 1/4 MILE      0
HAZE                      1

-  INDICATES NEGATIVE NUMBERS.
R  INDICATES RECORD WAS SET OR TIED.
MM INDICATES DATA IS MISSING.
T  INDICATES TRACE AMOUNT.

$$
