000
CXUS54 KCRP 011613
CLMLRD

CLIMATE REPORT
NATIONAL WEATHER SERVICE CORPUS CHRISTI TX
1106 AM CDT FRI MAY 1 2015

...................................

...THE LAREDO CLIMATE SUMMARY FOR THE MONTH OF APRIL 2015...

CLIMATE NORMAL PERIOD 1981 TO 2010
CLIMATE RECORD PERIOD 1900 TO 2015

WEATHER         OBSERVED          NORMAL  DEPART  LAST YEAR`S
                 VALUE   DATE(S)  VALUE   FROM    VALUE  DATE(S)
                                          NORMAL
................................................................
TEMPERATURE (F)
RECORD
 HIGH             112   04/28/1937
 LOW               32   04/03/1987
                        04/05/1920
HIGHEST            94   04/26        92       2      109  04/27
LOWEST             51   04/29        60      -9       48  04/16
AVG. MAXIMUM     84.1              87.6    -3.5     89.6
AVG. MINIMUM     66.3              64.3     2.0     65.2
MEAN             75.2              75.9    -0.7     77.4
DAYS MAX >= 90      6              13.2    -7.2       17
DAYS MAX <= 32      0               0.0     0.0        0
DAYS MIN <= 32      0               0.0     0.0        0
DAYS MIN <= 0       0               0.0     0.0        0

PRECIPITATION (INCHES)
RECORD
 MAXIMUM         7.75   1947
 MINIMUM           MM   MM
TOTALS           4.48              1.42    3.06     0.03
DAILY AVG.       0.15              0.05    0.10     0.00
DAYS >= .01         7               4.2     2.8        1
DAYS >= .10         5               2.5     2.5        0
DAYS >= .50         3               1.1     1.9        0
DAYS >= 1.00        2               0.4     1.6        0
GREATEST
 24 HR. TOTAL    1.86   04/11 TO 04/11           04/06 TO 04/06
                                                          04/30 TO 04/30
                                                          04/30 TO 04/30
 STORM TOTAL       MM                                 MM
 (MM/DD(HH))            MM                    04/06(00) TO 04/06(00)
                                                 04/30(00) TO 04/30(00)0
                                                 04/30(00) TO 04/30(00)0

SNOWFALL (INCHES)
RECORDS
 TOTAL            0.0   MM
 24 HR TOTAL      0.0   MM
TOTALS            0.0               0.0     0.0      0.0
SINCE 7/1         0.0               0.0     0.0      0.0
SNOWDEPTH AVG.      0                MM      MM        0
DAYS >= 1.0         0               0.0     0.0
GREATEST
 SNOW DEPTH         0   MM                             0
 24 HR TOTAL      0.0   MM                           0.0

DEGREE_DAYS
HEATING TOTAL       1                13     -12        5
 SINCE 7/1       1064               926     138     1095
COOLING TOTAL     312               342     -30      386
 SINCE 1/1        451               600    -149      634
.................................................

WIND (MPH)
AVERAGE WIND SPEED              9.4
HIGHEST WIND SPEED/DIRECTION    41/MM     DATE   MM
HIGHEST GUST SPEED/DIRECTION    50/140    DATE  04/08

SKY COVER
AVERAGE SKY COVER           0.50

AVERAGE RH (PERCENT)     73

WEATHER CONDITIONS. NUMBER OF DAYS WITH
THUNDERSTORM              0     MIXED PRECIP               0
HEAVY RAIN                5     RAIN                       6
LIGHT RAIN               15     FREEZING RAIN              0
LT FREEZING RAIN          0     HAIL                       0
HEAVY SNOW                0     SNOW                       0
LIGHT SNOW                0     SLEET                      0
FOG                      23     FOG W/VIS <= 1/4 MILE      0
HAZE                      8

-  INDICATES NEGATIVE NUMBERS.
R  INDICATES RECORD WAS SET OR TIED.
MM INDICATES DATA IS MISSING.
T  INDICATES TRACE AMOUNT.

$$
