000
CXUS56 KHNX 011415
CLMMAE


CLIMATE REPORT
NATIONAL WEATHER SERVICE SAN JOAQUIN VALLEY - HANFORD CA
715 AM PDT FRI MAY 1 2015

...................................

...THE MADERA CA AIRPORT CLIMATE SUMMARY FOR THE MONTH OF APRIL 2015...

CLIMATE NORMAL PERIOD 1981 TO 2010
CLIMATE RECORD PERIOD 1998 TO 2015

WEATHER         OBSERVED          NORMAL  DEPART  LAST YEAR`S
                 VALUE   DATE(S)  VALUE   FROM    VALUE  DATE(S)
                                          NORMAL
................................................................
TEMPERATURE (F)
RECORD
 HIGH              98   04/21/2009
                        04/27/2004
                        07/24/2006
 LOW               31   04/04/1999
HIGHEST            93   04/30        MM      MM       92  04/30
LOWEST             39   04/15        MM      MM       39  04/01
                        04/02
AVG. MAXIMUM     77.7              74.2     3.5     78.2
AVG. MINIMUM     46.8              45.0     1.8     48.1
MEAN             62.2              59.6     2.6     63.1
DAYS MAX >= 90      3               1.4     1.6        1
DAYS MIN <= 32      0               0.0     0.0        0

PRECIPITATION (INCHES)
RECORD
 MAXIMUM         2.68   2010
TOTALS           1.00              0.95    0.05     0.56
DAYS >= .01         3                MM      MM        2
DAYS >= .10         2                MM      MM        1
DAYS >= .50         1                MM      MM        1
DAYS >= 1.00        0                MM      MM        0
GREATEST
 24 HR. TOTAL    0.66   04/25 TO 04/25

SNOWFALL (INCHES)
RECORDS
 TOTAL             MM   MM
TOTALS            0.0                MM

DEGREE_DAYS
HEATING TOTAL     119               186     -67      106
 SINCE 7/1       1699              2604    -905     2123
COOLING TOTAL      46                24      22       57
 SINCE 1/1         78                25      53       57
.................................................................

WIND (MPH)
AVERAGE WIND SPEED              7.5
HIGHEST WIND SPEED/DIRECTION    25/310    DATE  04/14
HIGHEST GUST SPEED/DIRECTION    32/310    DATE  04/14

AVERAGE RH (PERCENT)     52

WEATHER CONDITIONS. NUMBER OF DAYS WITH
THUNDERSTORM              0     RAIN                       3
HAIL                      0     FOG                        4
FOG W/VIS <= 1/4 MILE     0     HAZE                       2

-  INDICATES NEGATIVE NUMBERS.
R  INDICATES RECORD WAS SET OR TIED.
MM INDICATES DATA IS MISSING.
T  INDICATES TRACE AMOUNT.

$$

SANGER/OCHS

WEATHER.GOV/HANFORD
