000
CXUS53 KEAX 021451
CLMMCI

CLIMATE REPORT
NATIONAL WEATHER SERVICE KANSAS CITY/PLEASANT HILL MO
947 AM CDT THU APR 2 2015

...................................

...THE KANSAS CITY INTERNATIONAL MO CLIMATE SUMMARY FOR THE MONTH OF MARCH 2015...

CLIMATE NORMAL PERIOD 1981 TO 2010
CLIMATE RECORD PERIOD 1888 TO 2015

WEATHER         OBSERVED          NORMAL  DEPART  LAST YEAR`S
                 VALUE   DATE(S)  VALUE   FROM    VALUE  DATE(S)
                                          NORMAL
................................................................
TEMPERATURE (F)
RECORD
 HIGH              91   03/21/1907
 LOW              -10   03/04/1978
HIGHEST            83   03/16        78       5       80  03/31
LOWEST              6   03/05        14      -8       -7  03/03
AVG. MAXIMUM     59.0              55.1     3.9     53.1
AVG. MINIMUM     34.3              33.4     0.9     27.1
MEAN             46.7              44.2     2.5     40.1
DAYS MAX >= 90      0               0.0     0.0        0
DAYS MAX <= 32      2               1.3     0.7        3
DAYS MIN <= 32     10              14.6    -4.6       19
DAYS MIN <= 0       0               0.1    -0.1        2

PRECIPITATION (INCHES)
RECORD
 MAXIMUM         9.08   1973
 MINIMUM         0.08   1910
                        1936
TOTALS           0.88              2.37   -1.49     1.61
DAILY AVG.       0.03              0.08   -0.05     0.05
DAYS >= .01         6               9.5    -3.5       11
DAYS >= .10         4               5.3    -1.3        5
DAYS >= .50         0               1.7    -1.7        1
DAYS >= 1.00        0               0.3    -0.3        0
GREATEST
 24 HR. TOTAL    0.29   03/18 TO 03/18

SNOWFALL (INCHES)
RECORDS
 TOTAL           40.2   1912
                        0
                        0
TOTALS              T               2.0    -2.0      3.4
SINCE 7/1        14.2              18.2    -4.0     26.0
SNOWDEPTH AVG.      0                MM      MM        0
DAYS >= 1.0         0               0.6    -0.6        2
GREATEST
 SNOW DEPTH         1   03/02                          3  03/04
                        03/01                             03/03
                                                          03/02
 24 HR TOTAL        T   03/23 TO 03/23

DEGREE_DAYS
HEATING TOTAL     562               646     -84      765
 SINCE 7/1       4776              4691      85     5331
COOLING TOTAL       2                 3      -1        0
 SINCE 1/1          2                 3      -1        0
.................................................................

WIND (MPH)
AVERAGE WIND SPEED              10.0
HIGHEST WIND SPEED/DIRECTION    29/030    DATE  03/17
HIGHEST GUST SPEED/DIRECTION    37/330    DATE  03/29

SKY COVER
POSSIBLE SUNSHINE (PERCENT)   MM
AVERAGE SKY COVER           0.50
NUMBER OF DAYS FAIR           10
NUMBER OF DAYS PC             10
NUMBER OF DAYS CLOUDY         11

AVERAGE RH (PERCENT)     61

WEATHER CONDITIONS. NUMBER OF DAYS WITH
THUNDERSTORM              0     MIXED PRECIP               0
HEAVY RAIN                0     RAIN                       3
LIGHT RAIN                7     FREEZING RAIN              0
LT FREEZING RAIN          0     HAIL                       1
HEAVY SNOW                0     SNOW                       0
LIGHT SNOW                2     SLEET                      0
FOG                      10     FOG W/VIS <= 1/4 MILE      2
HAZE                     10

-  INDICATES NEGATIVE NUMBERS.
R  INDICATES RECORD WAS SET OR TIED.
MM INDICATES DATA IS MISSING.
T  INDICATES TRACE AMOUNT.

$$
