000
CXUS54 KMEG 281344
CLMMKL


CLIMATE REPORT...CORRECTED FOR TOTAL AMOUNT OF PRECIPITATION FOR MARCH
NATIONAL WEATHER SERVICE MEMPHIS TN
841 AM CDT TUE APR 28 2015

...................................

...THE JACKSON CLIMATE SUMMARY FOR THE MONTH OF MARCH 2015...

CLIMATE NORMAL PERIOD 1981 TO 2010
CLIMATE RECORD PERIOD 1948 TO 2015

WEATHER         OBSERVED          NORMAL  DEPART  LAST YEAR`S
                 VALUE   DATE(S)  VALUE   FROM    VALUE  DATE(S)
                                          NORMAL
................................................................
TEMPERATURE (F)
RECORD
 HIGH              87   03/30/1986
 LOW                3   03/06/2015
HIGHEST            79   03/31        62      17       78  03/11
LOWEST              3R  03/06        40     -37       14  03/04
AVG. MAXIMUM     61.1              62.6    -1.5     59.1
AVG. MINIMUM     37.6              39.4    -1.8     32.1
MEAN             49.4              51.0    -1.6     45.6
DAYS MAX >= 90      0               0.0     0.0        0
DAYS MAX <= 32      1               0.1     0.9        2
DAYS MIN <= 32      9               8.2     0.8       18
DAYS MIN <= 0       0               0.0     0.0        0

PRECIPITATION (INCHES)
RECORD
 MAXIMUM        12.28   2002
 MINIMUM         1.69   2007
TOTALS           5.08              4.75    0.33     5.84
DAILY AVG.       0.16              0.15    0.01     0.19
DAYS >= .01        17              10.5     6.5        9
DAYS >= .10        11               7.0     4.0        6
DAYS >= .50         3               3.3    -0.3        4
DAYS >= 1.00        1               1.3    -0.3        1
GREATEST
 24 HR. TOTAL    2.08   03/04 TO 03/04

SNOWFALL (INCHES)
RECORDS
 TOTAL           13.0   1968
TOTALS            4.4               0.4     4.0      0.8
SINCE 7/1         5.9               4.6     1.3      1.3
SNOWDEPTH AVG.      0                MM      MM        0
DAYS >= 1.0         1               0.1     0.9        0
GREATEST
 SNOW DEPTH         4   03/05                          1  03/05
                                                          03/04
                                                          03/03
 24 HR TOTAL      3.6   MM

DEGREE_DAYS
HEATING TOTAL     479               444      35      594
 SINCE 7/1       3652              3328     324     3890
COOLING TOTAL       2                10      -8        0
 SINCE 1/1          2                11      -9        0
.................................................................

WIND (MPH)
AVERAGE WIND SPEED              6.3
HIGHEST WIND SPEED/DIRECTION    26/020    DATE  03/04
HIGHEST GUST SPEED/DIRECTION    34/020    DATE  03/04

SKY COVER
POSSIBLE SUNSHINE (PERCENT)   MM
AVERAGE SKY COVER           0.50
NUMBER OF DAYS FAIR           11
NUMBER OF DAYS PC              7
NUMBER OF DAYS CLOUDY         13

AVERAGE RH (PERCENT)     73

WEATHER CONDITIONS. NUMBER OF DAYS WITH
THUNDERSTORM              0     MIXED PRECIP               0
HEAVY RAIN                2     RAIN                       5
LIGHT RAIN               17     FREEZING RAIN              1
LT FREEZING RAIN          1     HAIL                       0
HEAVY SNOW                0     SNOW                       0
LIGHT SNOW                2     SLEET                      0
FOG                      22     FOG W/VIS <= 1/4 MILE      6
HAZE                      2

-  INDICATES NEGATIVE NUMBERS.
R  INDICATES RECORD WAS SET OR TIED.
MM INDICATES DATA IS MISSING.
T  INDICATES TRACE AMOUNT.

$$
