000
CDUS43 KLSX 310730
CLICOU


CLIMATE REPORT
NATIONAL WEATHER SERVICE ST LOUIS MO
228 AM CDT TUE MAR 31 2015


...................................

...THE COLUMBIA ASOS CLIMATE SUMMARY FOR MARCH 30 2015...

CLIMATE NORMAL PERIOD 1981 TO 2010
CLIMATE RECORD PERIOD 1890 TO 2015


WEATHER ITEM   OBSERVED TIME   RECORD YEAR NORMAL DEPARTURE LAST
                VALUE   (LST)  VALUE       VALUE  FROM      YEAR
                                                  NORMAL
..................................................................
TEMPERATURE (F)
 YESTERDAY
  MAXIMUM         71    326 PM  84    1967  61     10       71
  MINIMUM         38    642 AM  16    1964  39     -1       32
  AVERAGE         55                        50      5       52

PRECIPITATION (IN)
  YESTERDAY        0.00          1.08 1895   0.11  -0.11     0.00
  MONTH TO DATE    1.54                      2.79  -1.25     1.22
  SINCE MAR 1      1.54                      2.79  -1.25     1.22
  SINCE JAN 1      3.89                      6.96  -3.07     3.48

SNOWFALL (IN)
  YESTERDAY        0.0           3.4  1926   0.1   -0.1      0.0
  MONTH TO DATE    1.6                       1.7   -0.1      0.5
  SINCE MAR 1      1.6                       1.7   -0.1      0.5
  SINCE JUL 1     12.0                      17.8   -5.8     17.8
  SNOW DEPTH       0

DEGREE DAYS
 HEATING
  YESTERDAY       10                        16     -6       13
  MONTH TO DATE  582                       620    -38      725
  SINCE MAR 1    582                       620    -38      725
  SINCE JUL 1   4637                      4566     71     5154

 COOLING
  YESTERDAY        0                         0      0        0
  MONTH TO DATE    0                         0      0        0
  SINCE MAR 1      0                         0      0        0
  SINCE JAN 1      0                         0      0        0
..................................................................


WIND (MPH)
  HIGHEST WIND SPEED    20   HIGHEST WIND DIRECTION    SW (230)
  HIGHEST GUST SPEED    26   HIGHEST GUST DIRECTION    SW (220)
  AVERAGE WIND SPEED     7.7


SKY COVER
  AVERAGE SKY COVER 0.0


WEATHER CONDITIONS
 THE FOLLOWING WEATHER WAS RECORDED YESTERDAY.
  NO SIGNIFICANT WEATHER WAS OBSERVED.


RELATIVE HUMIDITY (PERCENT)
 HIGHEST    79
 LOWEST     20
 AVERAGE    50

..........................................................


THE COLUMBIA ASOS CLIMATE NORMALS FOR TODAY
                         NORMAL    RECORD    YEAR
 MAXIMUM TEMPERATURE (F)   61        86      1940
 MINIMUM TEMPERATURE (F)   39        15      1923


SUNRISE AND SUNSET
MARCH 31 2015.........SUNRISE   655 AM CDT   SUNSET   731 PM CDT
APRIL  1 2015.........SUNRISE   654 AM CDT   SUNSET   732 PM CDT


-  INDICATES NEGATIVE NUMBERS.
R  INDICATES RECORD WAS SET OR TIED.
MM INDICATES DATA IS MISSING.
T  INDICATES TRACE AMOUNT.




$$
