000
CDUS43 KLSX 170745
CLICOU


CLIMATE REPORT
NATIONAL WEATHER SERVICE ST LOUIS MO
245 AM CDT FRI APR 17 2015


...................................

...THE COLUMBIA ASOS CLIMATE SUMMARY FOR APRIL 16 2015...

CLIMATE NORMAL PERIOD 1981 TO 2010
CLIMATE RECORD PERIOD 1890 TO 2015


WEATHER ITEM   OBSERVED TIME   RECORD YEAR NORMAL DEPARTURE LAST
                VALUE   (LST)  VALUE       VALUE  FROM      YEAR
                                                  NORMAL
..................................................................
TEMPERATURE (F)
 YESTERDAY
  MAXIMUM         76    438 PM  86    1964  66     10       62
  MINIMUM         53    452 AM  26    1962  44      9       36
  AVERAGE         65                        55     10       49

PRECIPITATION (IN)
  YESTERDAY        0.00          1.72 1960   0.16  -0.16     0.00
  MONTH TO DATE    1.87                      2.17  -0.30     6.91
  SINCE MAR 1      3.41                      5.08  -1.67     8.14
  SINCE JAN 1      5.76                      9.25  -3.49    10.40

SNOWFALL (IN)
  YESTERDAY        0.0           T    1999   0.0    0.0      0.0
                                      1993
  MONTH TO DATE    0.0                       0.2   -0.2       T
  SINCE MAR 1      1.6                       1.9   -0.3      0.5
  SINCE JUL 1     12.0                      18.0   -6.0     17.8
  SNOW DEPTH       0

DEGREE DAYS
 HEATING
  YESTERDAY        0                        10    -10       16
  MONTH TO DATE  105                       203    -98      214
  SINCE MAR 1    690                       839   -149      944
  SINCE JUL 1   4745                      4785    -40     5373

 COOLING
  YESTERDAY        0                         1     -1        0
  MONTH TO DATE    9                         9      0        5
  SINCE MAR 1      9                        12     -3        5
  SINCE JAN 1      9                        12     -3        5
..................................................................


WIND (MPH)
  HIGHEST WIND SPEED     9   HIGHEST WIND DIRECTION     S (170)
  HIGHEST GUST SPEED    11   HIGHEST GUST DIRECTION     S (190)
  AVERAGE WIND SPEED     3.4


SKY COVER
  AVERAGE SKY COVER 0.3


WEATHER CONDITIONS
 THE FOLLOWING WEATHER WAS RECORDED YESTERDAY.
  NO SIGNIFICANT WEATHER WAS OBSERVED.


RELATIVE HUMIDITY (PERCENT)
 HIGHEST    89
 LOWEST     50
 AVERAGE    70

..........................................................


THE COLUMBIA ASOS CLIMATE NORMALS FOR TODAY
                         NORMAL    RECORD    YEAR
 MAXIMUM TEMPERATURE (F)   67        87      1909
                                             1896
 MINIMUM TEMPERATURE (F)   45        26      1905


SUNRISE AND SUNSET
APRIL 17 2015.........SUNRISE   630 AM CDT   SUNSET   748 PM CDT
APRIL 18 2015.........SUNRISE   629 AM CDT   SUNSET   749 PM CDT


-  INDICATES NEGATIVE NUMBERS.
R  INDICATES RECORD WAS SET OR TIED.
MM INDICATES DATA IS MISSING.
T  INDICATES TRACE AMOUNT.




$$
