000
CDUS43 KLSX 152225
CLICOU


CLIMATE REPORT
NATIONAL WEATHER SERVICE ST LOUIS MO
525 PM CDT WED APR 15 2015


...................................

...THE COLUMBIA ASOS CLIMATE SUMMARY FOR APRIL 15 2015...
VALID TODAY AS OF 0500 PM LOCAL TIME.

CLIMATE NORMAL PERIOD 1981 TO 2010
CLIMATE RECORD PERIOD 1890 TO 2015


WEATHER ITEM   OBSERVED TIME   RECORD YEAR NORMAL DEPARTURE LAST
                VALUE   (LST)  VALUE       VALUE  FROM      YEAR
                                                  NORMAL
..................................................................
TEMPERATURE (F)
 TODAY
  MAXIMUM         67    332 PM  90    1896  66      1       50
  MINIMUM         55    648 AM  25    1928  44     11       27
  AVERAGE         61                        55      6       39

PRECIPITATION (IN)
  TODAY            T             2.38 1998   0.15  -0.15     0.00
  MONTH TO DATE    1.87                      2.01  -0.14     6.91
  SINCE MAR 1      3.41                      4.92  -1.51     8.14
  SINCE JAN 1      5.76                      9.09  -3.33    10.40

SNOWFALL (IN)
  TODAY            0.0           0.2  1905   0.0    0.0      0.0
  MONTH TO DATE    0.0                       0.2   -0.2       T
  SINCE MAR 1      1.6                       1.9   -0.3      0.5
  SINCE JUL 1     12.0                      18.0   -6.0     17.8
  SNOW DEPTH       0

DEGREE DAYS
 HEATING
  TODAY            4                        11     -7       26
  MONTH TO DATE  105                       193    -88      198
  SINCE MAR 1    690                       829   -139      928
  SINCE JUL 1   4745                      4775    -30     5357

 COOLING
  TODAY            0                         1     -1        0
  MONTH TO DATE    9                         8      1        5
  SINCE MAR 1      9                        11     -2        5
  SINCE JAN 1      9                        11     -2        5
..................................................................


WIND (MPH)
  HIGHEST WIND SPEED    16   HIGHEST WIND DIRECTION    SE (120)
  HIGHEST GUST SPEED    20   HIGHEST GUST DIRECTION     E (80)
  AVERAGE WIND SPEED    10.9


SKY COVER
  AVERAGE SKY COVER 1.0



RELATIVE HUMIDITY (PERCENT)
 HIGHEST    52          1200 PM
 LOWEST     43          1200 AM
 AVERAGE    48

..........................................................


THE COLUMBIA ASOS CLIMATE NORMALS FOR TOMORROW
                         NORMAL    RECORD    YEAR
 MAXIMUM TEMPERATURE (F)   66        86      1964
 MINIMUM TEMPERATURE (F)   44        26      1962


SUNRISE AND SUNSET
APRIL 15 2015.........SUNRISE   633 AM CDT   SUNSET   746 PM CDT
APRIL 16 2015.........SUNRISE   631 AM CDT   SUNSET   747 PM CDT


-  INDICATES NEGATIVE NUMBERS.
R  INDICATES RECORD WAS SET OR TIED.
MM INDICATES DATA IS MISSING.
T  INDICATES TRACE AMOUNT.




$$
