000
CDUS43 KLSX 020730
CLICOU


CLIMATE REPORT
NATIONAL WEATHER SERVICE ST LOUIS MO
229 AM CDT SAT MAY 2 2015


...................................

...THE COLUMBIA ASOS CLIMATE SUMMARY FOR MAY 1 2015...

CLIMATE NORMAL PERIOD 1981 TO 2010
CLIMATE RECORD PERIOD 1890 TO 2015


WEATHER ITEM   OBSERVED TIME   RECORD YEAR NORMAL DEPARTURE LAST
                VALUE   (LST)  VALUE       VALUE  FROM      YEAR
                                                  NORMAL
..................................................................
TEMPERATURE (F)
 YESTERDAY
  MAXIMUM         72    357 PM  89    1959  71      1       53
  MINIMUM         42    504 AM  30    1903  49     -7       42
  AVERAGE         57                        60     -3       48

PRECIPITATION (IN)
  YESTERDAY        T             2.50 1948   0.16  -0.16      T
  MONTH TO DATE    T                         0.16  -0.16      T
  SINCE MAR 1      4.83                      7.56  -2.73     9.51
  SINCE JAN 1      7.18                     11.73  -4.55    11.77

SNOWFALL (IN)
  YESTERDAY        0.0           T    1940   0.0    0.0      0.0
  MONTH TO DATE    0.0                       0.0    0.0      0.0
  SINCE MAR 1      1.6                       1.9   -0.3      0.5
  SINCE JUL 1     12.0                      18.0   -6.0     17.8
  SNOW DEPTH       0

DEGREE DAYS
 HEATING
  YESTERDAY        8                         6      2       17
  MONTH TO DATE    8                         6      2       17
  SINCE MAR 1    812                       963   -151     1047
  SINCE JUL 1   4867                      4909    -42     5476

 COOLING
  YESTERDAY        0                         1     -1        0
  MONTH TO DATE    0                         1     -1        0
  SINCE MAR 1     15                        26    -11       11
  SINCE JAN 1     15                        26    -11       11
..................................................................


WIND (MPH)
  HIGHEST WIND SPEED    10   HIGHEST WIND DIRECTION     N (360)
  HIGHEST GUST SPEED    13   HIGHEST GUST DIRECTION     N (360)
  AVERAGE WIND SPEED     4.0


SKY COVER
  AVERAGE SKY COVER 0.0


WEATHER CONDITIONS
 THE FOLLOWING WEATHER WAS RECORDED YESTERDAY.
  LIGHT RAIN


RELATIVE HUMIDITY (PERCENT)
 HIGHEST    72
 LOWEST     29
 AVERAGE    51

..........................................................


THE COLUMBIA ASOS CLIMATE NORMALS FOR TODAY
                         NORMAL    RECORD    YEAR
 MAXIMUM TEMPERATURE (F)   71        90      1968
                                             1952
 MINIMUM TEMPERATURE (F)   49        33      1961
                                             1911
                                             1908


SUNRISE AND SUNSET
MAY  2 2015...........SUNRISE   610 AM CDT   SUNSET   802 PM CDT
MAY  3 2015...........SUNRISE   609 AM CDT   SUNSET   803 PM CDT


-  INDICATES NEGATIVE NUMBERS.
R  INDICATES RECORD WAS SET OR TIED.
MM INDICATES DATA IS MISSING.
T  INDICATES TRACE AMOUNT.




$$
