000
CDUS43 KLSX 280742
CLICOU


CLIMATE REPORT
NATIONAL WEATHER SERVICE ST LOUIS MO
238 AM CDT TUE APR 28 2015


...................................

...THE COLUMBIA ASOS CLIMATE SUMMARY FOR APRIL 27 2015...

CLIMATE NORMAL PERIOD 1981 TO 2010
CLIMATE RECORD PERIOD 1890 TO 2015


WEATHER ITEM   OBSERVED TIME   RECORD YEAR NORMAL DEPARTURE LAST
                VALUE   (LST)  VALUE       VALUE  FROM      YEAR
                                                  NORMAL
..................................................................
TEMPERATURE (F)
 YESTERDAY
  MAXIMUM         67    301 PM  90    1956  70     -3       77
                                      1896
  MINIMUM         40    530 AM  30    1967  48     -8       56
  AVERAGE         54                        59     -5       67

PRECIPITATION (IN)
  YESTERDAY        0.00          2.15 2002   0.17  -0.17     0.51
  MONTH TO DATE    3.29                      3.98  -0.69     8.05
  SINCE MAR 1      4.83                      6.89  -2.06     9.28
  SINCE JAN 1      7.18                     11.06  -3.88    11.54

SNOWFALL (IN)
  YESTERDAY        0.0           0.0  2014   0.0    0.0      0.0
  MONTH TO DATE    0.0                       0.2   -0.2       T
  SINCE MAR 1      1.6                       1.9   -0.3      0.5
  SINCE JUL 1     12.0                      18.0   -6.0     17.8
  SNOW DEPTH       0

DEGREE DAYS
 HEATING
  YESTERDAY       11                         7      4        0
  MONTH TO DATE  200                       299    -99      265
  SINCE MAR 1    785                       935   -150      995
  SINCE JUL 1   4840                      4881    -41     5424

 COOLING
  YESTERDAY        0                         1     -1        2
  MONTH TO DATE   15                        20     -5       11
  SINCE MAR 1     15                        23     -8       11
  SINCE JAN 1     15                        23     -8       11
..................................................................


WIND (MPH)
  HIGHEST WIND SPEED    22   HIGHEST WIND DIRECTION    NE (50)
  HIGHEST GUST SPEED    28   HIGHEST GUST DIRECTION    NE (50)
  AVERAGE WIND SPEED     9.2


SKY COVER
  AVERAGE SKY COVER 0.0


WEATHER CONDITIONS
 THE FOLLOWING WEATHER WAS RECORDED YESTERDAY.
  NO SIGNIFICANT WEATHER WAS OBSERVED.


RELATIVE HUMIDITY (PERCENT)
 HIGHEST    79
 LOWEST     29
 AVERAGE    54

..........................................................


THE COLUMBIA ASOS CLIMATE NORMALS FOR TODAY
                         NORMAL    RECORD    YEAR
 MAXIMUM TEMPERATURE (F)   70        88      1970
                                             1951
                                             1894
 MINIMUM TEMPERATURE (F)   48        32      1928


SUNRISE AND SUNSET
APRIL 28 2015.........SUNRISE   615 AM CDT   SUNSET   758 PM CDT
APRIL 29 2015.........SUNRISE   614 AM CDT   SUNSET   759 PM CDT


-  INDICATES NEGATIVE NUMBERS.
R  INDICATES RECORD WAS SET OR TIED.
MM INDICATES DATA IS MISSING.
T  INDICATES TRACE AMOUNT.




$$
