000
CDUS43 KLSX 112226
CLICOU


CLIMATE REPORT
NATIONAL WEATHER SERVICE ST LOUIS MO
526 PM CDT SAT APR 11 2015


...................................

...THE COLUMBIA ASOS CLIMATE SUMMARY FOR APRIL 11 2015...
VALID TODAY AS OF 0500 PM LOCAL TIME.

CLIMATE NORMAL PERIOD 1981 TO 2010
CLIMATE RECORD PERIOD 1890 TO 2015


WEATHER ITEM   OBSERVED TIME   RECORD YEAR NORMAL DEPARTURE LAST
                VALUE   (LST)  VALUE       VALUE  FROM      YEAR
                                                  NORMAL
..................................................................
TEMPERATURE (F)
 TODAY
  MAXIMUM         71    215 PM  90    1930  65      6       74
  MINIMUM         43    558 AM  24    1989  43      0       46
  AVERAGE         57                        54      3       60

PRECIPITATION (IN)
  TODAY            0.00          3.84 1994   0.14  -0.14     0.00
  MONTH TO DATE    1.74                      1.44   0.30     6.42
  SINCE MAR 1      3.28                      4.35  -1.07     7.65
  SINCE JAN 1      5.63                      8.52  -2.89     9.91

SNOWFALL (IN)
  TODAY            0.0           4.0  1900   0.0    0.0      0.0
  MONTH TO DATE    0.0                       0.1   -0.1      0.0
  SINCE MAR 1      1.6                       1.8   -0.2      0.5
  SINCE JUL 1     12.0                      17.9   -5.9     17.8
  SNOW DEPTH       0

DEGREE DAYS
 HEATING
  TODAY            8                        12     -4        5
  MONTH TO DATE   87                       148    -61      144
  SINCE MAR 1    672                       784   -112      874
  SINCE JUL 1   4727                      4730     -3     5303

 COOLING
  TODAY            0                         1     -1        0
  MONTH TO DATE    9                         4      5        0
  SINCE MAR 1      9                         7      2        0
  SINCE JAN 1      9                         7      2        0
..................................................................


WIND (MPH)
  HIGHEST WIND SPEED    14   HIGHEST WIND DIRECTION    SE (150)
  HIGHEST GUST SPEED    20   HIGHEST GUST DIRECTION    SE (150)
  AVERAGE WIND SPEED     8.5


SKY COVER
  AVERAGE SKY COVER 0.1



RELATIVE HUMIDITY (PERCENT)
 HIGHEST    70           600 AM
 LOWEST     31           200 PM
 AVERAGE    51

..........................................................


THE COLUMBIA ASOS CLIMATE NORMALS FOR TOMORROW
                         NORMAL    RECORD    YEAR
 MAXIMUM TEMPERATURE (F)   65        90      1972
 MINIMUM TEMPERATURE (F)   43        21      1940


SUNRISE AND SUNSET
APRIL 11 2015.........SUNRISE   639 AM CDT   SUNSET   742 PM CDT
APRIL 12 2015.........SUNRISE   637 AM CDT   SUNSET   743 PM CDT


-  INDICATES NEGATIVE NUMBERS.
R  INDICATES RECORD WAS SET OR TIED.
MM INDICATES DATA IS MISSING.
T  INDICATES TRACE AMOUNT.




$$
