000
CDUS43 KLSX 282133
CLICOU


CLIMATE REPORT
NATIONAL WEATHER SERVICE ST LOUIS MO
432 PM CDT TUE APR 28 2015


...................................

...THE COLUMBIA ASOS CLIMATE SUMMARY FOR APRIL 28 2015...
VALID TODAY AS OF 0400 PM LOCAL TIME.

CLIMATE NORMAL PERIOD 1981 TO 2010
CLIMATE RECORD PERIOD 1890 TO 2015


WEATHER ITEM   OBSERVED TIME   RECORD YEAR NORMAL DEPARTURE LAST
                VALUE   (LST)  VALUE       VALUE  FROM      YEAR
                                                  NORMAL
..................................................................
TEMPERATURE (F)
 TODAY
  MAXIMUM         72    259 PM  88    1970  70      2       72
                                      1951
                                      1894
  MINIMUM         42    408 AM  32    1928  48     -6       51
  AVERAGE         57                        59     -2       62

PRECIPITATION (IN)
  TODAY            0.00          4.50 1996   0.17  -0.17     0.14
  MONTH TO DATE    3.29                      4.15  -0.86     8.19
  SINCE MAR 1      4.83                      7.06  -2.23     9.42
  SINCE JAN 1      7.18                     11.23  -4.05    11.68

SNOWFALL (IN)
  TODAY            0.0           0.0  2014   0.0    0.0      0.0
  MONTH TO DATE    0.0                       0.2   -0.2       T
  SINCE MAR 1      1.6                       1.9   -0.3      0.5
  SINCE JUL 1     12.0                      18.0   -6.0     17.8
  SNOW DEPTH       0

DEGREE DAYS
 HEATING
  TODAY            8                         7      1        3
  MONTH TO DATE  208                       306    -98      268
  SINCE MAR 1    793                       942   -149      998
  SINCE JUL 1   4848                      4888    -40     5427

 COOLING
  TODAY            0                         1     -1        0
  MONTH TO DATE   15                        21     -6       11
  SINCE MAR 1     15                        24     -9       11
  SINCE JAN 1     15                        24     -9       11
..................................................................


WIND (MPH)
  HIGHEST WIND SPEED    18   HIGHEST WIND DIRECTION     N (20)
  HIGHEST GUST SPEED    31   HIGHEST GUST DIRECTION     N (20)
  AVERAGE WIND SPEED     8.7


SKY COVER
  AVERAGE SKY COVER 0.0



RELATIVE HUMIDITY (PERCENT)
 HIGHEST    76           400 AM
 LOWEST     31           300 PM
 AVERAGE    54

..........................................................


THE COLUMBIA ASOS CLIMATE NORMALS FOR TOMORROW
                         NORMAL    RECORD    YEAR
 MAXIMUM TEMPERATURE (F)   70        91      1910
 MINIMUM TEMPERATURE (F)   48        32      2008


SUNRISE AND SUNSET
APRIL 28 2015.........SUNRISE   615 AM CDT   SUNSET   758 PM CDT
APRIL 29 2015.........SUNRISE   614 AM CDT   SUNSET   759 PM CDT


-  INDICATES NEGATIVE NUMBERS.
R  INDICATES RECORD WAS SET OR TIED.
MM INDICATES DATA IS MISSING.
T  INDICATES TRACE AMOUNT.




$$
