000
CDUS43 KLSX 292126
CLICOU


CLIMATE REPORT
NATIONAL WEATHER SERVICE ST LOUIS MO
425 PM CDT WED APR 29 2015


...................................

...THE COLUMBIA ASOS CLIMATE SUMMARY FOR APRIL 29 2015...
VALID TODAY AS OF 0400 PM LOCAL TIME.

CLIMATE NORMAL PERIOD 1981 TO 2010
CLIMATE RECORD PERIOD 1890 TO 2015


WEATHER ITEM   OBSERVED TIME   RECORD YEAR NORMAL DEPARTURE LAST
                VALUE   (LST)  VALUE       VALUE  FROM      YEAR
                                                  NORMAL
..................................................................
TEMPERATURE (F)
 TODAY
  MAXIMUM         74    257 PM  91    1910  70      4       54
  MINIMUM         45    353 AM  32    2008  48     -3       45
  AVERAGE         60                        59      1       50

PRECIPITATION (IN)
  TODAY            0.00          3.08 2012   0.17  -0.17     0.07
  MONTH TO DATE    3.29                      4.32  -1.03     8.26
  SINCE MAR 1      4.83                      7.23  -2.40     9.49
  SINCE JAN 1      7.18                     11.40  -4.22    11.75

SNOWFALL (IN)
  TODAY            0.0           0.0  2014   0.0    0.0      0.0
  MONTH TO DATE    0.0                       0.2   -0.2       T
  SINCE MAR 1      1.6                       1.9   -0.3      0.5
  SINCE JUL 1     12.0                      18.0   -6.0     17.8
  SNOW DEPTH       0

DEGREE DAYS
 HEATING
  TODAY            5                         7     -2       15
  MONTH TO DATE  213                       313   -100      283
  SINCE MAR 1    798                       949   -151     1013
  SINCE JUL 1   4853                      4895    -42     5442

 COOLING
  TODAY            0                         1     -1        0
  MONTH TO DATE   15                        22     -7       11
  SINCE MAR 1     15                        25    -10       11
  SINCE JAN 1     15                        25    -10       11
..................................................................


WIND (MPH)
  HIGHEST WIND SPEED    15   HIGHEST WIND DIRECTION    NW (320)
  HIGHEST GUST SPEED    20   HIGHEST GUST DIRECTION     N (10)
  AVERAGE WIND SPEED     5.6


SKY COVER
  AVERAGE SKY COVER 0.2



RELATIVE HUMIDITY (PERCENT)
 HIGHEST    82           500 AM
 LOWEST     29          1100 AM
 AVERAGE    56

..........................................................


THE COLUMBIA ASOS CLIMATE NORMALS FOR TOMORROW
                         NORMAL    RECORD    YEAR
 MAXIMUM TEMPERATURE (F)   70        90      1942
                                             1936
                                             1895
 MINIMUM TEMPERATURE (F)   49        28      1908


SUNRISE AND SUNSET
APRIL 29 2015.........SUNRISE   614 AM CDT   SUNSET   759 PM CDT
APRIL 30 2015.........SUNRISE   613 AM CDT   SUNSET   800 PM CDT


-  INDICATES NEGATIVE NUMBERS.
R  INDICATES RECORD WAS SET OR TIED.
MM INDICATES DATA IS MISSING.
T  INDICATES TRACE AMOUNT.




$$
