000
CDUS43 KLSX 040731
CLICOU


CLIMATE REPORT
NATIONAL WEATHER SERVICE ST LOUIS MO
230 AM CDT MON MAY 4 2015


...................................

...THE COLUMBIA ASOS CLIMATE SUMMARY FOR MAY 3 2015...

CLIMATE NORMAL PERIOD 1981 TO 2010
CLIMATE RECORD PERIOD 1890 TO 2015


WEATHER ITEM   OBSERVED TIME   RECORD YEAR NORMAL DEPARTURE LAST
                VALUE   (LST)  VALUE       VALUE  FROM      YEAR
                                                  NORMAL
..................................................................
TEMPERATURE (F)
 YESTERDAY
  MAXIMUM         83    326 PM  89    1949  71     12       76
                                      1901
  MINIMUM         56    433 AM  29    1976  50      6       50
  AVERAGE         70                        60     10       63

PRECIPITATION (IN)
  YESTERDAY        0.00          1.31 1892   0.18  -0.18     0.00
  MONTH TO DATE    T                         0.50  -0.50      T
  SINCE MAR 1      4.83                      7.90  -3.07     9.51
  SINCE JAN 1      7.18                     12.07  -4.89    11.77

SNOWFALL (IN)
  YESTERDAY        0.0           T    2013   0.0    0.0      0.0
  MONTH TO DATE    0.0                       0.0    0.0      0.0
  SINCE MAR 1      1.6                       1.9   -0.3      0.5
  SINCE JUL 1     12.0                      18.0   -6.0     17.8
  SNOW DEPTH       0

DEGREE DAYS
 HEATING
  YESTERDAY        0                         6     -6        2
  MONTH TO DATE    9                        18     -9       30
  SINCE MAR 1    813                       975   -162     1060
  SINCE JUL 1   4868                      4921    -53     5489

 COOLING
  YESTERDAY        5                         1      4        0
  MONTH TO DATE    5                         3      2        0
  SINCE MAR 1     20                        28     -8       11
  SINCE JAN 1     20                        28     -8       11
..................................................................


WIND (MPH)
  HIGHEST WIND SPEED    21   HIGHEST WIND DIRECTION     S (180)
  HIGHEST GUST SPEED    25   HIGHEST GUST DIRECTION    SW (220)
  AVERAGE WIND SPEED    10.5


SKY COVER
  AVERAGE SKY COVER 0.1


WEATHER CONDITIONS
 THE FOLLOWING WEATHER WAS RECORDED YESTERDAY.
  NO SIGNIFICANT WEATHER WAS OBSERVED.


RELATIVE HUMIDITY (PERCENT)
 HIGHEST    73
 LOWEST     39
 AVERAGE    56

..........................................................


THE COLUMBIA ASOS CLIMATE NORMALS FOR TODAY
                         NORMAL    RECORD    YEAR
 MAXIMUM TEMPERATURE (F)   71        91      1952
 MINIMUM TEMPERATURE (F)   50        28      1907


SUNRISE AND SUNSET
MAY  4 2015...........SUNRISE   608 AM CDT   SUNSET   804 PM CDT
MAY  5 2015...........SUNRISE   607 AM CDT   SUNSET   805 PM CDT


-  INDICATES NEGATIVE NUMBERS.
R  INDICATES RECORD WAS SET OR TIED.
MM INDICATES DATA IS MISSING.
T  INDICATES TRACE AMOUNT.




$$
