000
CXUS53 KLSX 020441 CCB
CLMCOU

CLIMATE REPORT
NATIONAL WEATHER SERVICE ST LOUIS MO
845 AM CST SUN MAR 1 2015

...................................

...THE COLUMBIA MO CLIMATE SUMMARY FOR THE MONTH OF FEBRUARY 2015...

CLIMATE NORMAL PERIOD 1981 TO 2010
CLIMATE RECORD PERIOD 1890 TO 2015

WEATHER         OBSERVED          NORMAL  DEPART  LAST YEAR`S
                 VALUE   DATE(S)  VALUE   FROM    VALUE
                                          NORMAL
.............................................................
TEMPERATURE (F)
RECORD
 HIGH              82   02/29/1972
 LOW              -26   02/12/1899
HIGHEST            69   02/07                         72
LOWEST              1   02/27                         -7
                        02/19
AVG. MAXIMUM     35.7              43.9    -8.2     34.9
AVG. MINIMUM     15.4              24.9    -9.5     15.3
MEAN             25.6              34.4    -8.8     25.1
DAYS MAX >= 90      0               0.0     0.0        0
DAYS MAX <= 32     12               5.5     6.5       14
DAYS MIN <= 32     26              20.7     5.3       25
DAYS MIN <= 0       0               0.5    -0.5        3

PRECIPITATION (INCHES)
RECORD
 MAXIMUM         6.80   1892
 MINIMUM         0.11   2006
                        1991
TOTALS           1.41              2.25   -0.84     1.36
DAILY AVG.       0.05              0.08   -0.03     0.05
DAYS >= .01        10               8.0     2.0        8
DAYS >= .10         5               4.3     0.7        4
DAYS >= .50         0               1.4    -1.4        1
DAYS >= 1.00        0               0.7    -0.7        0
GREATEST
 24 HR. TOTAL    0.70   01/31 TO 02/01              0.59

SNOWFALL (INCHES)
RECORDS
 TOTAL           23.3   2011
 24 HR TOTAL     17.7   02/01/2011 TO 02/02/2011
TOTALS            8.5               4.7     3.8      7.4
SINCE 7/1        10.4              16.1    -5.7     17.3
GREATEST
 24 HR TOTAL      3.5   02/28

DEGREE_DAYS
HEATING TOTAL    1096               857     239     1111
 SINCE 7/1       4055              3946     109     4429
COOLING TOTAL       0                 0       0        0
 SINCE 1/1          0                 0       0        0
..............................................................

WIND (MPH)
HIGHEST WIND SPEED/DIRECTION    32/340    DATE  02/12
HIGHEST GUST SPEED/DIRECTION    39/350    DATE  02/12

SKY COVER
NUMBER OF DAYS FAIR           11
NUMBER OF DAYS PC             11
NUMBER OF DAYS CLOUDY          6


WEATHER CONDITIONS. NUMBER OF DAYS WITH
THUNDERSTORM              0     MIXED PRECIP               0
HEAVY RAIN                0     RAIN                       0
LIGHT RAIN                1     FREEZING RAIN              0
LT FREEZING RAIN          5     HAIL                       0
HEAVY SNOW                0     SNOW                       2
LIGHT SNOW               13     SLEET                      0
FOG                      14     FOG W/VIS <= 1/4 MILE      1
HAZE                      4

-  INDICATES NEGATIVE NUMBERS.
R  INDICATES RECORD WAS SET OR TIED.
MM INDICATES DATA IS MISSING.
T  INDICATES TRACE AMOUNT.


...MONTHLY...

TIED 12TH COLDEST FEBRUARY ON RECORD (25.6 DEGREES).


...DAILY...

NO DAILY RECORDS SET OR TIED.

$$
