000
CXUS53 KLSX 012329 CCA
CLMCOU

CLIMATE REPORT
NATIONAL WEATHER SERVICE ST LOUIS MO
1101 AM CST SUN FEB 1 2015

...................................

...THE COLUMBIA MO CLIMATE SUMMARY FOR THE MONTH OF JANUARY 2015...

CLIMATE NORMAL PERIOD 1981 TO 2010
CLIMATE RECORD PERIOD 1890 TO 2015

WEATHER         OBSERVED          NORMAL  DEPART  LAST YEAR`S
                 VALUE   DATE(S)  VALUE   FROM    VALUE
                                          NORMAL
.............................................................
TEMPERATURE (F)
RECORD
 HIGH              77   01/28/2013
                        01/24/1950
                        01/23/1909
 LOW              -20   01/07/1912
HIGHEST            60   01/28                         65
                        01/19
                        01/18
LOWEST              0   01/08                        -11
AVG. MAXIMUM     42.1              38.5     3.6     36.3
AVG. MINIMUM     22.4              20.9     1.5     13.9
MEAN             32.2              29.7     2.5     25.1
DAYS MAX >= 90      0               0.0     0.0        0
DAYS MAX <= 32      7               9.4    -2.4       12
DAYS MIN <= 32     27              25.9     1.1       30
DAYS MIN <= 0       1               1.5    -0.5        5

PRECIPITATION (INCHES)
RECORD
 MAXIMUM         6.87   1897
 MINIMUM         0.05   1986
TOTALS           0.94              1.92   -0.98     0.90
DAILY AVG.       0.03              0.06   -0.03     0.03
DAYS >= .01         8               7.7     0.3        8
DAYS >= .10         3               4.0    -1.0        3
DAYS >= .50         0               1.3    -1.3        0
DAYS >= 1.00        0               0.4    -0.4        0
GREATEST
 24 HR. TOTAL    0.43   01/02 TO 01/03              0.36

SNOWFALL (INCHES)
RECORDS
 TOTAL           23.5   1979
 24 HR TOTAL     19.7   01/18/1995 TO 01/19/1995
TOTALS            0.1               6.1    -6.0      7.5
SINCE 7/1         1.9              11.4    -9.5      9.9
GREATEST
 24 HR TOTAL      0.1   01/07

DEGREE_DAYS
HEATING TOTAL    1008              1094     -86     1231
 SINCE 7/1       2959              3089    -130     3318
COOLING TOTAL       0                 0       0        0
 SINCE 1/1          0                 0       0        0
..............................................................

WIND (MPH)
HIGHEST WIND SPEED/DIRECTION    35/310    DATE  01/29
HIGHEST GUST SPEED/DIRECTION    45/310    DATE  01/29

SKY COVER
NUMBER OF DAYS FAIR           20
NUMBER OF DAYS PC              4
NUMBER OF DAYS CLOUDY          7


WEATHER CONDITIONS. NUMBER OF DAYS WITH
THUNDERSTORM              0     MIXED PRECIP               0
HEAVY RAIN                0     RAIN                       2
LIGHT RAIN                7     FREEZING RAIN              0
LT FREEZING RAIN          0     HAIL                       0
HEAVY SNOW                0     SNOW                       0
LIGHT SNOW                4     SLEET                      0
FOG                       9     FOG W/VIS <= 1/4 MILE      0
HAZE                      4

-  INDICATES NEGATIVE NUMBERS.
R  INDICATES RECORD WAS SET OR TIED.
MM INDICATES DATA IS MISSING.
T  INDICATES TRACE AMOUNT.


...MONTHLY...

8TH LEAST SNOWIEST JANUARY ON RECORD (0.1 INCHES).


...DAILY...

NO RECORDS OF NOTE.


$$
