000
CXUS53 KLSX 251600
CF6STL
PRELIMINARY LOCAL CLIMATOLOGICAL DATA (WS FORM: F-6)

                                          STATION:   ST. LOUIS
                                          MONTH:     APRIL
                                          YEAR:      2015
                                          LATITUDE:   38 45 N
                                          LONGITUDE:  90 23 W

  TEMPERATURE IN F:       :PCPN:    SNOW:  WIND      :SUNSHINE: SKY     :PK WND
================================================================================
1   2   3   4   5  6A  6B    7    8   9   10  11  12  13   14  15   16   17  18
                                     12Z  AVG MX 2MIN
DY MAX MIN AVG DEP HDD CDD  WTR  SNW DPTH SPD SPD DIR MIN PSBL S-S WX    SPD DR
================================================================================

 1  78  50  64  12   1   0 0.00  0.0    0 12.5 24 140   M    M   6        32 140
 2  75  61  68  15   0   3 0.61  0.0    0  9.1 21 220   M    M   8 13     29 200
 3  61  42  52  -1  13   0 0.30  0.0    0 13.8 29 350   M    M   7 13     37 330
 4  63  32  48  -5  17   0 0.00  0.0    0  5.8 13 190   M    M   0        17 190
 5  69  43  56   2   9   0 0.00  0.0    0 10.1 20 190   M    M   6        25 200
 6  67  56  62   8   3   0 0.01  0.0    0  9.1 18 130   M    M  10 1      23 140
 7  73  62  68  14   0   3 1.76  0.0    0 10.2 24  40   M    M   7 13     30  40
 8  77  63  70  15   0   5 0.48  0.0    0  9.1 31 210   M    M   9 1358   41 220
 9  84  53  69  14   0   4 1.14  0.0    0 16.5 35 280   M    M   7 138    44 270
10  71  45  58   3   7   0 0.00  0.0    0 14.5 30 290   M    M   2        40 280
11  68  43  56   0   9   0 0.00  0.0    0  6.8 13 130   M    M   6        16  80
12  77  54  66  10   0   1 0.00  0.0    0 10.4 24 160   M    M   8        31 150
13  71  59  65   8   0   0 0.06  0.0    0 10.3 22 280   M    M   8        31 280
14  69  56  63   6   2   0 0.00  0.0    0  9.8 18  60   M    M   8        25  90
15  70  54  62   5   3   0 0.00  0.0    0 10.8 20 110   M    M   7        25 100
16  79  52  66   8   0   1 0.00  0.0    0  3.4 12 140   M    M   5 18     14 130
17  80  58  69  11   0   4 0.00  0.0    0  5.1 14  90   M    M   5 18     18 110
18  79  59  69  11   0   4 0.00  0.0    0  6.3 15 140   M    M   7 8      21 150
19  67  57  62   3   3   0 0.77  0.0    0  7.0 33 280   M    M   9 13     41 290
20  58  48  53  -6  12   0    T  0.0    0 16.1 30 280   M    M   7        39 280
21  68  47  58  -1   7   0 0.00  0.0    0 12.3 26 270   M    M   4        33 260
22  59  43  51  -9  14   0 0.00  0.0    0 10.2 24 280   M    M   2        29 280
23  66  38  52  -8  13   0 0.00  0.0    0  4.7 14 330   M    M   2        17 330
24  67  45  56  -4   9   0 0.00  0.0    0 12.4 23 170   M    M   8        30 150
================================================================================
SM 1696 1220       122  25  5.13     0.0 236.3          M      148
================================================================================
AV 70.7 50.8                               9.8 FASTST   M    M   6    MAX(MPH)
                                 MISC ---->  # 35 280               # 44  270
================================================================================
NOTES:
# LAST OF SEVERAL OCCURRENCES

COLUMN 17 PEAK WIND IN M.P.H.

PRELIMINARY LOCAL CLIMATOLOGICAL DATA (WS FORM: F-6) , PAGE 2

                                          STATION:  ST. LOUIS
                                          MONTH:    APRIL
                                          YEAR:     2015
                                          LATITUDE:   38 45 N
                                          LONGITUDE:  90 23 W

[TEMPERATURE DATA]      [PRECIPITATION DATA]       SYMBOLS USED IN COLUMN 16

AVERAGE MONTHLY: 60.8   TOTAL FOR MONTH:   5.13    1 = FOG OR MIST
DPTR FM NORMAL:   4.4   DPTR FM NORMAL:    2.21    2 = FOG REDUCING VISIBILITY
HIGHEST:    84 ON  9    GRTST 24HR  1.77 ON  6- 7      TO 1/4 MILE OR LESS
LOWEST:     32 ON  4                               3 = THUNDER
                        SNOW, ICE PELLETS, HAIL    4 = ICE PELLETS
                        TOTAL MONTH:   0.0 INCH    5 = HAIL
                        GRTST 24HR     0.0         6 = FREEZING RAIN OR DRIZZLE
                        GRTST DEPTH:   0           7 = DUSTSTORM OR SANDSTORM:
                                                       VSBY 1/2 MILE OR LESS
                                                   8 = SMOKE OR HAZE
[NO. OF DAYS WITH]      [WEATHER - DAYS WITH]      9 = BLOWING SNOW
                                                   X = TORNADO
MAX 32 OR BELOW:   0    0.01 INCH OR MORE:   8
MAX 90 OR ABOVE:   0    0.10 INCH OR MORE:   6
MIN 32 OR BELOW:   1    0.50 INCH OR MORE:   4
MIN  0 OR BELOW:   0    1.00 INCH OR MORE:   2

[HDD (BASE 65) ]
TOTAL THIS MO.   122    CLEAR  (SCALE 0-3)   4
DPTR FM NORMAL  -115    PTCLDY (SCALE 4-7)  16
TOTAL FM JUL 1  4493    CLOUDY (SCALE 8-10)  4
DPTR FM NORMAL    70

[CDD (BASE 65) ]
TOTAL THIS MO.    25
DPTR FM NORMAL    -5    [PRESSURE DATA]
TOTAL FM JAN 1    25    HIGHEST SLP M ON M
DPTR FM NORMAL   -12    LOWEST  SLP 29.50 ON 20

[REMARKS]
