000
CDUS43 KLSX 250745
CLISTL


CLIMATE REPORT
NATIONAL WEATHER SERVICE ST LOUIS MO
245 AM CDT SAT APR 25 2015


...................................

...THE ST. LOUIS CLIMATE SUMMARY FOR APRIL 24 2015...

CLIMATE NORMAL PERIOD 1981 TO 2010
CLIMATE RECORD PERIOD 1874 TO 2015


WEATHER ITEM   OBSERVED TIME   RECORD YEAR NORMAL DEPARTURE LAST
                VALUE   (LST)  VALUE       VALUE  FROM      YEAR
                                                  NORMAL
..................................................................
TEMPERATURE (F)
 YESTERDAY
  MAXIMUM         67    319 PM  90    2009  70     -3       81
                                      1990
                                      1989
  MINIMUM         45    415 AM  25    1910  50     -5       53
  AVERAGE         56                        60     -4       67

PRECIPITATION (IN)
  YESTERDAY        0.00          1.44 1975   0.13  -0.13     0.50
  MONTH TO DATE    5.13                      2.92   2.21     6.64
  SINCE MAR 1      8.13                      6.24   1.89     8.19
  SINCE JAN 1     11.08                     10.88   0.20    11.34

SNOWFALL (IN)
  YESTERDAY        0.0           1.1  1910   0.0    0.0      0.0
  MONTH TO DATE    0.0                       0.4   -0.4       T
  SINCE MAR 1      0.6                       2.7   -2.1      1.6
  SINCE JUL 1     16.8                      17.7   -0.9     28.8
  SNOW DEPTH       0

DEGREE DAYS
 HEATING
  YESTERDAY        9                         6      3        0
  MONTH TO DATE  122                       237   -115      204
  SINCE MAR 1    691                       825   -134      894
  SINCE JUL 1   4493                      4423     70     4931

 COOLING
  YESTERDAY        0                         2     -2        2
  MONTH TO DATE   25                        30     -5       22
  SINCE MAR 1     25                        37    -12       22
  SINCE JAN 1     25                        37    -12       22
..................................................................


WIND (MPH)
  HIGHEST WIND SPEED    23   HIGHEST WIND DIRECTION     S (170)
  HIGHEST GUST SPEED    30   HIGHEST GUST DIRECTION    SE (150)
  AVERAGE WIND SPEED    12.4


SKY COVER
  AVERAGE SKY COVER 0.8


WEATHER CONDITIONS
 THE FOLLOWING WEATHER WAS RECORDED YESTERDAY.
  NO SIGNIFICANT WEATHER WAS OBSERVED.


RELATIVE HUMIDITY (PERCENT)
 HIGHEST    66          1000 PM
 LOWEST     32           300 PM
 AVERAGE    49

..........................................................


THE ST. LOUIS CLIMATE NORMALS FOR TODAY
                         NORMAL    RECORD    YEAR
 MAXIMUM TEMPERATURE (F)   71        92      1986
 MINIMUM TEMPERATURE (F)   51        32      1934


SUNRISE AND SUNSET
APRIL 25 2015.........SUNRISE   612 AM CDT   SUNSET   748 PM CDT
APRIL 26 2015.........SUNRISE   610 AM CDT   SUNSET   749 PM CDT


-  INDICATES NEGATIVE NUMBERS.
R  INDICATES RECORD WAS SET OR TIED.
MM INDICATES DATA IS MISSING.
T  INDICATES TRACE AMOUNT.




$$
