000
CDUS43 KLSX 302028 CCA
CLISTL

CLIMATE REPORT
NATIONAL WEATHER SERVICE ST LOUIS MO
226 AM CDT MON MAR 30 2015


...................................

...THE ST. LOUIS CLIMATE SUMMARY FOR MARCH 29 2015...

CLIMATE NORMAL PERIOD 1981 TO 2010
CLIMATE RECORD PERIOD 1874 TO 2015


WEATHER ITEM   OBSERVED TIME   RECORD YEAR NORMAL DEPARTURE LAST
                VALUE   (LST)  VALUE       VALUE  FROM      YEAR
                                                  NORMAL
..................................................................
TEMPERATURE (F)
 YESTERDAY
  MAXIMUM         61    125 PM  88    1963  61      0       48
  MINIMUM         35    546 AM  21    1970  41     -6       34
  AVERAGE         48                        51     -3       41

PRECIPITATION (IN)
  YESTERDAY        0.02          1.93 1985   0.13  -0.11     0.00
  MONTH TO DATE    3.00                      3.06  -0.06     1.55
  SINCE MAR 1      3.00                      3.06  -0.06     1.55
  SINCE JAN 1      5.95                      7.70  -1.75     4.70

SNOWFALL (IN)
  YESTERDAY        0.0           2.0  1901   0.0    0.0      0.0
  MONTH TO DATE    0.6                       2.2   -1.6      1.6
  SINCE MAR 1      0.6                       2.2   -1.6      1.6
  SINCE JUL 1     16.8                      17.2   -0.4     28.8
  SNOW DEPTH       0

DEGREE DAYS
 HEATING
  YESTERDAY       17                        14      3       24
  MONTH TO DATE  558                       559     -1      667
  SINCE MAR 1    558                       559     -1      667
  SINCE JUL 1   4360                      4157    203     4704

 COOLING
  YESTERDAY        0                         0      0        0
  MONTH TO DATE    0                         0      0        0
  SINCE MAR 1      0                         0      0        0
  SINCE JAN 1      0                         0      0        0
..................................................................


WIND (MPH)
  HIGHEST WIND SPEED    25   HIGHEST WIND DIRECTION     S (170)
  HIGHEST GUST SPEED    32   HIGHEST GUST DIRECTION     S (200)
  AVERAGE WIND SPEED    11.0


SKY COVER
  AVERAGE SKY COVER 0.5


WEATHER CONDITIONS
 THE FOLLOWING WEATHER WAS RECORDED YESTERDAY.
  LIGHT RAIN


RELATIVE HUMIDITY (PERCENT)
 HIGHEST    66          1100 PM
 LOWEST     30          1100 AM
 AVERAGE    48

..........................................................


THE ST. LOUIS CLIMATE NORMALS FOR TODAY
                         NORMAL    RECORD    YEAR
 MAXIMUM TEMPERATURE (F)   62        86      1986
 MINIMUM TEMPERATURE (F)   41        18      1964


SUNRISE AND SUNSET
MARCH 30 2015.........SUNRISE   650 AM CDT   SUNSET   723 PM CDT
MARCH 31 2015.........SUNRISE   648 AM CDT   SUNSET   724 PM CDT


-  INDICATES NEGATIVE NUMBERS.
R  INDICATES RECORD WAS SET OR TIED.
MM INDICATES DATA IS MISSING.
T  INDICATES TRACE AMOUNT.




$$
