000
CDUS43 KLSX 222129
CLISTL


CLIMATE REPORT
NATIONAL WEATHER SERVICE ST LOUIS MO
428 PM CDT WED APR 22 2015


...................................

...THE ST. LOUIS CLIMATE SUMMARY FOR APRIL 22 2015...
VALID TODAY AS OF 0400 PM LOCAL TIME.

CLIMATE NORMAL PERIOD 1981 TO 2010
CLIMATE RECORD PERIOD 1874 TO 2015


WEATHER ITEM   OBSERVED TIME   RECORD YEAR NORMAL DEPARTURE LAST
                VALUE   (LST)  VALUE       VALUE  FROM      YEAR
                                                  NORMAL
..................................................................
TEMPERATURE (F)
 TODAY
  MAXIMUM         59    256 PM  91    1925  70    -11       69
  MINIMUM         44    604 AM  31    1936  50     -6       51
  AVERAGE         52                        60     -8       60

PRECIPITATION (IN)
  TODAY            0.00          4.15 1944   0.13  -0.13     0.00
  MONTH TO DATE    5.13                      2.66   2.47     6.14
  SINCE MAR 1      8.13                      5.98   2.15     7.69
  SINCE JAN 1     11.08                     10.62   0.46    10.84

SNOWFALL (IN)
  TODAY            0.0           0.0  2014   0.0    0.0      0.0
  MONTH TO DATE    0.0                       0.4   -0.4       T
  SINCE MAR 1      0.6                       2.7   -2.1      1.6
  SINCE JUL 1     16.8                      17.7   -0.9     28.8
  SNOW DEPTH       0

DEGREE DAYS
 HEATING
  TODAY           13                         7      6        5
  MONTH TO DATE   99                       224   -125      196
  SINCE MAR 1    668                       812   -144      886
  SINCE JUL 1   4470                      4410     60     4923

 COOLING
  TODAY            0                         2     -2        0
  MONTH TO DATE   25                        26     -1       20
  SINCE MAR 1     25                        33     -8       20
  SINCE JAN 1     25                        33     -8       20
..................................................................


WIND (MPH)
  HIGHEST WIND SPEED    24   HIGHEST WIND DIRECTION     W (280)
  HIGHEST GUST SPEED    29   HIGHEST GUST DIRECTION     W (280)
  AVERAGE WIND SPEED    11.4


SKY COVER
  AVERAGE SKY COVER 0.3



RELATIVE HUMIDITY (PERCENT)
 HIGHEST    65           500 AM
 LOWEST     26           300 PM
 AVERAGE    46

..........................................................


THE ST. LOUIS CLIMATE NORMALS FOR TOMORROW
                         NORMAL    RECORD    YEAR
 MAXIMUM TEMPERATURE (F)   70        91      1960
 MINIMUM TEMPERATURE (F)   50        28      1910


SUNRISE AND SUNSET
APRIL 22 2015.........SUNRISE   616 AM CDT   SUNSET   745 PM CDT
APRIL 23 2015.........SUNRISE   614 AM CDT   SUNSET   746 PM CDT


-  INDICATES NEGATIVE NUMBERS.
R  INDICATES RECORD WAS SET OR TIED.
MM INDICATES DATA IS MISSING.
T  INDICATES TRACE AMOUNT.




$$
