000
CDUS43 KLSX 290731
CLISTL


CLIMATE REPORT
NATIONAL WEATHER SERVICE ST LOUIS MO
228 AM CDT WED APR 29 2015


...................................

...THE ST. LOUIS CLIMATE SUMMARY FOR APRIL 28 2015...

CLIMATE NORMAL PERIOD 1981 TO 2010
CLIMATE RECORD PERIOD 1874 TO 2015


WEATHER ITEM   OBSERVED TIME   RECORD YEAR NORMAL DEPARTURE LAST
                VALUE   (LST)  VALUE       VALUE  FROM      YEAR
                                                  NORMAL
..................................................................
TEMPERATURE (F)
 YESTERDAY
  MAXIMUM         70    505 PM  92    1970  72     -2       76
  MINIMUM         43    500 AM  32    1874  52     -9       61
  AVERAGE         57                        62     -5       69

PRECIPITATION (IN)
  YESTERDAY        0.00          4.46 1996   0.13  -0.13     1.15
  MONTH TO DATE    5.42                      3.43   1.99     8.38
  SINCE MAR 1      8.42                      6.75   1.67     9.93
  SINCE JAN 1     11.37                     11.39  -0.02    13.08

SNOWFALL (IN)
  YESTERDAY        0.0           0.0  2014   0.0    0.0      0.0
  MONTH TO DATE    0.0                       0.4   -0.4       T
  SINCE MAR 1      0.6                       2.7   -2.1      1.6
  SINCE JUL 1     16.8                      17.7   -0.9     28.8
  SNOW DEPTH       0

DEGREE DAYS
 HEATING
  YESTERDAY        8                         5      3        0
  MONTH TO DATE  153                       260   -107      205
  SINCE MAR 1    722                       848   -126      895
  SINCE JUL 1   4524                      4446     78     4932

 COOLING
  YESTERDAY        0                         2     -2        4
  MONTH TO DATE   25                        38    -13       37
  SINCE MAR 1     25                        45    -20       37
  SINCE JAN 1     25                        45    -20       37
..................................................................


WIND (MPH)
  HIGHEST WIND SPEED    16   HIGHEST WIND DIRECTION     N (350)
  HIGHEST GUST SPEED    22   HIGHEST GUST DIRECTION     N (360)
  AVERAGE WIND SPEED     5.6


SKY COVER
  AVERAGE SKY COVER 0.4


WEATHER CONDITIONS
 THE FOLLOWING WEATHER WAS RECORDED YESTERDAY.
  NO SIGNIFICANT WEATHER WAS OBSERVED.


RELATIVE HUMIDITY (PERCENT)
 HIGHEST    76           400 AM
 LOWEST     31           500 PM
 AVERAGE    54

..........................................................


THE ST. LOUIS CLIMATE NORMALS FOR TODAY
                         NORMAL    RECORD    YEAR
 MAXIMUM TEMPERATURE (F)   72        91      1899
 MINIMUM TEMPERATURE (F)   52        32      1874


SUNRISE AND SUNSET
APRIL 29 2015.........SUNRISE   607 AM CDT   SUNSET   752 PM CDT
APRIL 30 2015.........SUNRISE   605 AM CDT   SUNSET   753 PM CDT


-  INDICATES NEGATIVE NUMBERS.
R  INDICATES RECORD WAS SET OR TIED.
MM INDICATES DATA IS MISSING.
T  INDICATES TRACE AMOUNT.




$$
