000
CDUS43 KLSX 292234
CLISTL


CLIMATE REPORT
NATIONAL WEATHER SERVICE ST LOUIS MO
533 PM CDT WED APR 29 2015


...................................

...THE ST. LOUIS CLIMATE SUMMARY FOR APRIL 29 2015...
VALID TODAY AS OF 0500 PM LOCAL TIME.

CLIMATE NORMAL PERIOD 1981 TO 2010
CLIMATE RECORD PERIOD 1874 TO 2015


WEATHER ITEM   OBSERVED TIME   RECORD YEAR NORMAL DEPARTURE LAST
                VALUE   (LST)  VALUE       VALUE  FROM      YEAR
                                                  NORMAL
..................................................................
TEMPERATURE (F)
 TODAY
  MAXIMUM         76    245 PM  91    1899  72      4       67
  MINIMUM         46    501 AM  32    1874  52     -6       54
  AVERAGE         61                        62     -1       61

PRECIPITATION (IN)
  TODAY            0.00          2.29 1911   0.13  -0.13      T
  MONTH TO DATE    5.42                      3.56   1.86     8.38
  SINCE MAR 1      8.42                      6.88   1.54     9.93
  SINCE JAN 1     11.37                     11.52  -0.15    13.08

SNOWFALL (IN)
  TODAY            0.0           0.0  2014   0.0    0.0      0.0
  MONTH TO DATE    0.0                       0.4   -0.4       T
  SINCE MAR 1      0.6                       2.7   -2.1      1.6
  SINCE JUL 1     16.8                      17.7   -0.9     28.8
  SNOW DEPTH       0

DEGREE DAYS
 HEATING
  TODAY            4                         5     -1        4
  MONTH TO DATE  157                       265   -108      209
  SINCE MAR 1    726                       853   -127      899
  SINCE JUL 1   4528                      4451     77     4936

 COOLING
  TODAY            0                         2     -2        0
  MONTH TO DATE   25                        40    -15       37
  SINCE MAR 1     25                        47    -22       37
  SINCE JAN 1     25                        47    -22       37
..................................................................


WIND (MPH)
  HIGHEST WIND SPEED    15   HIGHEST WIND DIRECTION    NE (30)
  HIGHEST GUST SPEED    21   HIGHEST GUST DIRECTION    NE (30)
  AVERAGE WIND SPEED     4.5


SKY COVER
  AVERAGE SKY COVER 0.4



RELATIVE HUMIDITY (PERCENT)
 HIGHEST    80           600 AM
 LOWEST     27          1200 PM
 AVERAGE    54

..........................................................


THE ST. LOUIS CLIMATE NORMALS FOR TOMORROW
                         NORMAL    RECORD    YEAR
 MAXIMUM TEMPERATURE (F)   72        91      2007
 MINIMUM TEMPERATURE (F)   52        35      1907
                                             1877


SUNRISE AND SUNSET
APRIL 29 2015.........SUNRISE   607 AM CDT   SUNSET   752 PM CDT
APRIL 30 2015.........SUNRISE   605 AM CDT   SUNSET   753 PM CDT


-  INDICATES NEGATIVE NUMBERS.
R  INDICATES RECORD WAS SET OR TIED.
MM INDICATES DATA IS MISSING.
T  INDICATES TRACE AMOUNT.




$$
