000
CDUS43 KLSX 110735
CLISTL


CLIMATE REPORT
NATIONAL WEATHER SERVICE ST LOUIS MO
235 AM CDT SAT APR 11 2015


...................................

...THE ST. LOUIS CLIMATE SUMMARY FOR APRIL 10 2015...

CLIMATE NORMAL PERIOD 1981 TO 2010
CLIMATE RECORD PERIOD 1874 TO 2015


WEATHER ITEM   OBSERVED TIME   RECORD YEAR NORMAL DEPARTURE LAST
                VALUE   (LST)  VALUE       VALUE  FROM      YEAR
                                                  NORMAL
..................................................................
TEMPERATURE (F)
 YESTERDAY
  MAXIMUM         71    235 PM  93    1930  66      5       84
  MINIMUM         45    555 AM  26    1960  45      0       55
  AVERAGE         58                        55      3       70

PRECIPITATION (IN)
  YESTERDAY        0.00          2.42 1944   0.12  -0.12     0.00
  MONTH TO DATE    4.30                      1.20   3.10     5.49
  SINCE MAR 1      7.30                      4.52   2.78     7.04
  SINCE JAN 1     10.25                      9.16   1.09    10.19

SNOWFALL (IN)
  YESTERDAY        0.0           4.1  1997   0.0    0.0      0.0
  MONTH TO DATE    0.0                       0.2   -0.2       T
  SINCE MAR 1      0.6                       2.5   -1.9      1.6
  SINCE JUL 1     16.8                      17.5   -0.7     28.8
  SNOW DEPTH       0

DEGREE DAYS
 HEATING
  YESTERDAY        7                        11     -4        0
  MONTH TO DATE   50                       121    -71      116
  SINCE MAR 1    619                       709    -90      806
  SINCE JUL 1   4421                      4307    114     4843

 COOLING
  YESTERDAY        0                         1     -1        5
  MONTH TO DATE   15                        10      5        5
  SINCE MAR 1     15                        17     -2        5
  SINCE JAN 1     15                        17     -2        5
..................................................................


WIND (MPH)
  HIGHEST WIND SPEED    30   HIGHEST WIND DIRECTION     W (290)
  HIGHEST GUST SPEED    40   HIGHEST GUST DIRECTION     W (280)
  AVERAGE WIND SPEED    14.5


SKY COVER
  AVERAGE SKY COVER 0.2


WEATHER CONDITIONS
 THE FOLLOWING WEATHER WAS RECORDED YESTERDAY.
  NO SIGNIFICANT WEATHER WAS OBSERVED.


RELATIVE HUMIDITY (PERCENT)
 HIGHEST    71           700 AM
 LOWEST     26           200 PM
 AVERAGE    49

..........................................................


THE ST. LOUIS CLIMATE NORMALS FOR TODAY
                         NORMAL    RECORD    YEAR
 MAXIMUM TEMPERATURE (F)   66        90      1930
 MINIMUM TEMPERATURE (F)   46        24      1973


SUNRISE AND SUNSET
APRIL 11 2015.........SUNRISE   631 AM CDT   SUNSET   734 PM CDT
APRIL 12 2015.........SUNRISE   630 AM CDT   SUNSET   735 PM CDT


-  INDICATES NEGATIVE NUMBERS.
R  INDICATES RECORD WAS SET OR TIED.
MM INDICATES DATA IS MISSING.
T  INDICATES TRACE AMOUNT.




$$
