000
CDUS43 KLSX 030730
CLISTL


CLIMATE REPORT
NATIONAL WEATHER SERVICE ST LOUIS MO
229 AM CDT SUN MAY 3 2015


...................................

...THE ST. LOUIS CLIMATE SUMMARY FOR MAY 2 2015...

CLIMATE NORMAL PERIOD 1981 TO 2010
CLIMATE RECORD PERIOD 1874 TO 2015


WEATHER ITEM   OBSERVED TIME   RECORD YEAR NORMAL DEPARTURE LAST
                VALUE   (LST)  VALUE       VALUE  FROM      YEAR
                                                  NORMAL
..................................................................
TEMPERATURE (F)
 YESTERDAY
  MAXIMUM         80    257 PM  91    1959  73      7       63
  MINIMUM         55    409 AM  32    1961  53      2       48
                                      1929
  AVERAGE         68                        63      5       56

PRECIPITATION (IN)
  YESTERDAY        0.00          2.96 1929   0.14  -0.14     0.00
  MONTH TO DATE    0.00                      0.27  -0.27      T
  SINCE MAR 1      8.42                      7.28   1.14     9.93
  SINCE JAN 1     11.37                     11.92  -0.55    13.08

SNOWFALL (IN)
  YESTERDAY        0.0           4.0  1929   0.0    0.0      0.0
  MONTH TO DATE    0.0                       0.0    0.0      0.0
  SINCE MAR 1      0.6                       2.7   -2.1      1.6
  SINCE JUL 1     16.8                      17.7   -0.9     28.8
  SNOW DEPTH       0

DEGREE DAYS
 HEATING
  YESTERDAY        0                         4     -4        9
  MONTH TO DATE    7                         9     -2       24
  SINCE MAR 1    737                       867   -130      935
  SINCE JUL 1   4539                      4465     74     4972

 COOLING
  YESTERDAY        3                         2      1        0
  MONTH TO DATE    3                         4     -1        0
  SINCE MAR 1     28                        50    -22       37
  SINCE JAN 1     28                        50    -22       37
..................................................................


WIND (MPH)
  HIGHEST WIND SPEED    14   HIGHEST WIND DIRECTION    SE (140)
  HIGHEST GUST SPEED    20   HIGHEST GUST DIRECTION    SW (220)
  AVERAGE WIND SPEED     5.6


SKY COVER
  AVERAGE SKY COVER 0.7


WEATHER CONDITIONS
 THE FOLLOWING WEATHER WAS RECORDED YESTERDAY.
  HAZE


RELATIVE HUMIDITY (PERCENT)
 HIGHEST    57           600 AM
 LOWEST     25           100 PM
 AVERAGE    41

..........................................................


THE ST. LOUIS CLIMATE NORMALS FOR TODAY
                         NORMAL    RECORD    YEAR
 MAXIMUM TEMPERATURE (F)   73        92      1949
 MINIMUM TEMPERATURE (F)   53        31      1976


SUNRISE AND SUNSET
MAY  3 2015...........SUNRISE   602 AM CDT   SUNSET   756 PM CDT
MAY  4 2015...........SUNRISE   601 AM CDT   SUNSET   756 PM CDT


-  INDICATES NEGATIVE NUMBERS.
R  INDICATES RECORD WAS SET OR TIED.
MM INDICATES DATA IS MISSING.
T  INDICATES TRACE AMOUNT.




$$
