000
CXUS53 KLSX 012039 CCA
CLMSTL

CLIMATE REPORT
NATIONAL WEATHER SERVICE ST LOUIS MO
149 PM CDT WED APR 1 2015

...................................

...THE ST. LOUIS MO CLIMATE SUMMARY FOR THE MONTH OF MARCH 2015...

CLIMATE NORMAL PERIOD 1981 TO 2010
CLIMATE RECORD PERIOD 1874 TO 2015

WEATHER         OBSERVED          NORMAL  DEPART  LAST YEAR`S
                 VALUE   DATE(S)  VALUE   FROM    VALUE
                                          NORMAL
.............................................................
TEMPERATURE (F)
RECORD
 HIGH              92   03/24/1929
 LOW               -5   03/05/1960
HIGHEST            83   03/16                         83
LOWEST             13   03/02                          4
AVG. MAXIMUM     57.2              55.9     1.3     54.3
AVG. MINIMUM     35.6              36.6    -1.0     30.5
MEAN             46.4              46.3     0.1     42.4
DAYS MAX >= 90      0               0.0     0.0        0
DAYS MAX <= 32      2               0.7     1.3        2
DAYS MIN <= 32      8              10.5    -2.5       17
DAYS MIN <= 0       0               0.0     0.0        0

PRECIPITATION (INCHES)
RECORD
 MAXIMUM         8.39   2008
 MINIMUM         0.14   1910
TOTALS           3.00              3.32   -0.32     1.55
DAILY AVG.       0.10              0.11   -0.01     0.05
DAYS >= .01        13              10.3     2.7        7
DAYS >= .10         7               6.7     0.3        4
DAYS >= .50         3               2.2     0.8        1
DAYS >= 1.00        1               0.5     0.5        0
GREATEST
 24 HR. TOTAL    1.25   03/13 TO 03/14

SNOWFALL (INCHES)
RECORDS
 TOTAL           28.8   1912
 24 HR TOTAL     20.4   03/30/1890 TO 03/31/1890
TOTALS            0.6               2.3    -1.7      1.6
SINCE 7/1        16.8              17.3    -0.5     28.8
GREATEST
 24 HR TOTAL      0.6   03/01 TO 03/01

DEGREE_DAYS
HEATING TOTAL     569               588     -19      690
 SINCE 7/1       4371              4186     185     4727
COOLING TOTAL       0                 7      -7        0
 SINCE 1/1          0                 7      -7        0
..............................................................

WIND (MPH)
HIGHEST WIND SPEED/DIRECTION    29/120    DATE  03/24
HIGHEST GUST SPEED/DIRECTION    36/050    DATE  03/17

SKY COVER

NUMBER OF DAYS FAIR            7
NUMBER OF DAYS PC             12
NUMBER OF DAYS CLOUDY         12


WEATHER CONDITIONS. NUMBER OF DAYS WITH
THUNDERSTORM              1     MIXED PRECIP               1
HEAVY RAIN                0     RAIN                       5
LIGHT RAIN               14     FREEZING RAIN              0
LT FREEZING RAIN          1     HAIL                       0
HEAVY SNOW                0     SNOW                       1
LIGHT SNOW                3     SLEET                      2
FOG                      14     FOG W/VIS <= 1/4 MILE      1
HAZE                     12

-  INDICATES NEGATIVE NUMBERS.
R  INDICATES RECORD WAS SET OR TIED.
MM INDICATES DATA IS MISSING.
T  INDICATES TRACE AMOUNT.

$$
