000
CDUS43 KLSX 310730
CLIUIN


CLIMATE REPORT
NATIONAL WEATHER SERVICE ST LOUIS MO
228 AM CDT TUE MAR 31 2015


...................................

...THE QUINCY IL CLIMATE SUMMARY FOR MARCH 30 2015...

CLIMATE NORMAL PERIOD 1981 TO 2010
CLIMATE RECORD PERIOD 1901 TO 2015


WEATHER ITEM   OBSERVED TIME   RECORD YEAR NORMAL DEPARTURE LAST
                VALUE   (LST)  VALUE       VALUE  FROM      YEAR
                                                  NORMAL
..................................................................
TEMPERATURE (F)
 YESTERDAY
  MAXIMUM         69    334 PM  82    1943  58     11       65
  MINIMUM         33    511 AM  16    1964  37     -4       30
  AVERAGE         51                        47      4

PRECIPITATION (IN)
  YESTERDAY        0.00          1.75 1980   0.09  -0.09     0.00
  MONTH TO DATE    0.95                      2.36  -1.41     0.68
  SINCE MAR 1      0.95                      2.36  -1.41     0.68
  SINCE JAN 1      2.99                      5.76  -2.77     2.80

DEGREE DAYS
 HEATING
  YESTERDAY       14                        18     -4
  MONTH TO DATE  706                       702      4
  SINCE MAR 1    706                       702      4
  SINCE JUL 1   5372                      5044    328

 COOLING
  YESTERDAY        0                         0      0
  MONTH TO DATE    0                         0      0
  SINCE MAR 1      0                         0      0
  SINCE JAN 1      0                         0      0
..................................................................


WIND (MPH)
  HIGHEST WIND SPEED    22   HIGHEST WIND DIRECTION    SW (230)
  HIGHEST GUST SPEED    28   HIGHEST GUST DIRECTION    SW (220)
  AVERAGE WIND SPEED    10.4


SKY COVER
  AVERAGE SKY COVER 0.0



RELATIVE HUMIDITY (PERCENT)
 HIGHEST    82           700 AM
 LOWEST     22           200 PM
 AVERAGE    52

..........................................................


THE QUINCY IL CLIMATE NORMALS FOR TODAY
                         NORMAL    RECORD    YEAR
 MAXIMUM TEMPERATURE (F)   58        81      2010
                                             1986
 MINIMUM TEMPERATURE (F)   38        14      1923


SUNRISE AND SUNSET
MARCH 31 2015.........SUNRISE   651 AM CDT   SUNSET   728 PM CDT
APRIL  1 2015.........SUNRISE   649 AM CDT   SUNSET   729 PM CDT


-  INDICATES NEGATIVE NUMBERS.
R  INDICATES RECORD WAS SET OR TIED.
MM INDICATES DATA IS MISSING.
T  INDICATES TRACE AMOUNT.




$$
