000
CDUS43 KLSX 040731
CLIUIN


CLIMATE REPORT
NATIONAL WEATHER SERVICE ST LOUIS MO
230 AM CDT MON MAY 4 2015


...................................

...THE QUINCY IL CLIMATE SUMMARY FOR MAY 3 2015...

CLIMATE NORMAL PERIOD 1981 TO 2010
CLIMATE RECORD PERIOD 1901 TO 2015


WEATHER ITEM   OBSERVED TIME   RECORD YEAR NORMAL DEPARTURE LAST
                VALUE   (LST)  VALUE       VALUE  FROM      YEAR
                                                  NORMAL
..................................................................
TEMPERATURE (F)
 YESTERDAY
  MAXIMUM         83    322 PM  88    1949  69     14       72
                                      1901
  MINIMUM         58    600 AM  31    2005  49      9       46
                                      1907
  AVERAGE         71                        59     12

PRECIPITATION (IN)
  YESTERDAY        T             2.43 1935   0.14  -0.14      T
  MONTH TO DATE    0.05                      0.39  -0.34      T
  SINCE MAR 1      2.70                      6.54  -3.84     4.13
  SINCE JAN 1      4.74                      9.94  -5.20     6.25

DEGREE DAYS
 HEATING
  YESTERDAY        0                         7     -7
  MONTH TO DATE   10                        22    -12
  SINCE MAR 1    998                      1110   -112
  SINCE JUL 1   5664                      5452    212

 COOLING
  YESTERDAY        6                         1      5
  MONTH TO DATE    6                         3      3
  SINCE MAR 1     12                        21     -9
  SINCE JAN 1     12                        21     -9
..................................................................


WIND (MPH)
  HIGHEST WIND SPEED    24   HIGHEST WIND DIRECTION    SW (210)
  HIGHEST GUST SPEED    31   HIGHEST GUST DIRECTION     S (200)
  AVERAGE WIND SPEED    12.2


SKY COVER
  AVERAGE SKY COVER 0.2



RELATIVE HUMIDITY (PERCENT)
 HIGHEST    64          1200 AM
 LOWEST     39           200 PM
 AVERAGE    52

..........................................................


THE QUINCY IL CLIMATE NORMALS FOR TODAY
                         NORMAL    RECORD    YEAR
 MAXIMUM TEMPERATURE (F)   69        89      1959
 MINIMUM TEMPERATURE (F)   49        26      1907


SUNRISE AND SUNSET
MAY  4 2015...........SUNRISE   602 AM CDT   SUNSET   802 PM CDT
MAY  5 2015...........SUNRISE   600 AM CDT   SUNSET   803 PM CDT


-  INDICATES NEGATIVE NUMBERS.
R  INDICATES RECORD WAS SET OR TIED.
MM INDICATES DATA IS MISSING.
T  INDICATES TRACE AMOUNT.




$$
