000
CDUS43 KLSX 210745
CLIUIN


CLIMATE REPORT
NATIONAL WEATHER SERVICE ST LOUIS MO
245 AM CDT TUE APR 21 2015


...................................

...THE QUINCY IL CLIMATE SUMMARY FOR APRIL 20 2015...

CLIMATE NORMAL PERIOD 1981 TO 2010
CLIMATE RECORD PERIOD 1901 TO 2015


WEATHER ITEM   OBSERVED TIME   RECORD YEAR NORMAL DEPARTURE LAST
                VALUE   (LST)  VALUE       VALUE  FROM      YEAR
                                                  NORMAL
..................................................................
TEMPERATURE (F)
 YESTERDAY
  MAXIMUM         53    543 PM  90    1987  65    -12       80
  MINIMUM         42   1159 PM  27    2013  45     -3       54
  AVERAGE         48                        55     -7

PRECIPITATION (IN)
  YESTERDAY        T             1.91 1976   0.13  -0.13     0.00
  MONTH TO DATE    0.86                      2.37  -1.51     1.90
  SINCE MAR 1      1.81                      4.83  -3.02     2.58
  SINCE JAN 1      3.85                      8.23  -4.38     4.70

DEGREE DAYS
 HEATING
  YESTERDAY       17                        11      6
  MONTH TO DATE  147                       278   -131
  SINCE MAR 1    859                       996   -137
  SINCE JUL 1   5525                      5338    187

 COOLING
  YESTERDAY        0                         1     -1
  MONTH TO DATE    6                         7     -1
  SINCE MAR 1      6                         9     -3
  SINCE JAN 1      6                         9     -3
..................................................................


WIND (MPH)
  HIGHEST WIND SPEED    31   HIGHEST WIND DIRECTION    NW (300)
  HIGHEST GUST SPEED    38   HIGHEST GUST DIRECTION     W (290)
  AVERAGE WIND SPEED    16.6


SKY COVER
  AVERAGE SKY COVER 0.7



RELATIVE HUMIDITY (PERCENT)
 HIGHEST    80           200 AM
 LOWEST     38           600 PM
 AVERAGE    59

..........................................................


THE QUINCY IL CLIMATE NORMALS FOR TODAY
                         NORMAL    RECORD    YEAR
 MAXIMUM TEMPERATURE (F)   65        90      1902
 MINIMUM TEMPERATURE (F)   45        26      1904


SUNRISE AND SUNSET
APRIL 21 2015.........SUNRISE   619 AM CDT   SUNSET   749 PM CDT
APRIL 22 2015.........SUNRISE   617 AM CDT   SUNSET   750 PM CDT


-  INDICATES NEGATIVE NUMBERS.
R  INDICATES RECORD WAS SET OR TIED.
MM INDICATES DATA IS MISSING.
T  INDICATES TRACE AMOUNT.




$$
