000
CDUS43 KLSX 292126
CLIUIN


CLIMATE REPORT
NATIONAL WEATHER SERVICE ST LOUIS MO
425 PM CDT WED APR 29 2015


...................................

...THE QUINCY IL CLIMATE SUMMARY FOR APRIL 29 2015...
VALID TODAY AS OF 0400 PM LOCAL TIME.

CLIMATE NORMAL PERIOD 1981 TO 2010
CLIMATE RECORD PERIOD 1901 TO 2015


WEATHER ITEM   OBSERVED TIME   RECORD YEAR NORMAL DEPARTURE LAST
                VALUE   (LST)  VALUE       VALUE  FROM      YEAR
                                                  NORMAL
..................................................................
TEMPERATURE (F)
 TODAY
  MAXIMUM         72    230 PM  91    1910  68      4       57
  MINIMUM         46    337 AM  30    1958  48     -2       45
  AVERAGE         59                        58      1       51

PRECIPITATION (IN)
  TODAY            0.00          1.65 1963   0.13  -0.13     0.08
  MONTH TO DATE    1.70                      3.56  -1.86     3.43
  SINCE MAR 1      2.65                      6.02  -3.37     4.11
  SINCE JAN 1      4.69                      9.42  -4.73     6.23

DEGREE DAYS
 HEATING
  TODAY            6                         8     -2
  MONTH TO DATE  266                       362    -96
  SINCE MAR 1    978                      1080   -102
  SINCE JUL 1   5644                      5422    222

 COOLING
  TODAY            0                         1     -1
  MONTH TO DATE    6                        16    -10
  SINCE MAR 1      6                        18    -12
  SINCE JAN 1      6                        18    -12
..................................................................


WIND (MPH)
  HIGHEST WIND SPEED    15   HIGHEST WIND DIRECTION    NW (300)
  HIGHEST GUST SPEED    18   HIGHEST GUST DIRECTION    NW (320)
  AVERAGE WIND SPEED     5.7


SKY COVER
  AVERAGE SKY COVER 0.3



RELATIVE HUMIDITY (PERCENT)
 HIGHEST    71           400 AM
 LOWEST     31          1200 PM
 AVERAGE    51

..........................................................


THE QUINCY IL CLIMATE NORMALS FOR TOMORROW
                         NORMAL    RECORD    YEAR
 MAXIMUM TEMPERATURE (F)   68        90      1936
 MINIMUM TEMPERATURE (F)   48        30      1908


SUNRISE AND SUNSET
APRIL 29 2015.........SUNRISE   608 AM CDT   SUNSET   757 PM CDT
APRIL 30 2015.........SUNRISE   606 AM CDT   SUNSET   758 PM CDT


-  INDICATES NEGATIVE NUMBERS.
R  INDICATES RECORD WAS SET OR TIED.
MM INDICATES DATA IS MISSING.
T  INDICATES TRACE AMOUNT.




$$
